{"id":25128,"date":"2025-10-15T17:14:51","date_gmt":"2025-10-15T15:14:51","guid":{"rendered":"https:\/\/www.museodelapaz.eus\/documento\/por-sauver-la-population-de-bilbao-la-destruction-des-villes-par-laviation-allemande-et-les-menaces-du-general-mola-ont-cause-la-plus-vive-indignation-en-france-en-angleterre-et-en-amerique\/"},"modified":"2025-11-21T12:11:18","modified_gmt":"2025-11-21T11:11:18","slug":"por-sauver-la-population-de-bilbao-la-destruction-des-villes-par-laviation-allemande-et-les-menaces-du-general-mola-ont-cause-la-plus-vive-indignation-en-france-en-angleterre-et-en-amerique","status":"publish","type":"documento","link":"https:\/\/www.museodelapaz.eus\/fr\/documento\/por-sauver-la-population-de-bilbao-la-destruction-des-villes-par-laviation-allemande-et-les-menaces-du-general-mola-ont-cause-la-plus-vive-indignation-en-france-en-angleterre-et-en-amerique\/","title":{"rendered":"&#8221;&#8221;Por sauver la population de Bilbao: La destruction des villes par l&#8217;aviation allemande et les menaces du g\u00e9n\u00e9ral Mola ont caus\u00e9 la plus vive indignation en France, en Angleterre et en Am\u00e9rique&#8221;"},"content":{"rendered":"","protected":false},"featured_media":0,"menu_order":0,"template":"","meta":{"_acf_changed":false,"inline_featured_image":false},"descriptor":[5254],"tipo-de-documento":[620],"class_list":["post-25128","documento","type-documento","status-publish","hentry","descriptor-guerra-civil-bombardeos-repercusion-internacional-fotografias-bombardeo-de-gernika","tipo-de-documento-hemeroteca-hem"],"acf":[],"yoast_head":"<!-- This site is optimized with the Yoast SEO plugin v27.5 - https:\/\/yoast.com\/product\/yoast-seo-wordpress\/ -->\n<title>&#039;&#039;&#039;&#039;Por sauver la population de Bilbao: La destruction des villes par l&#039;aviation allemande et les menaces du g\u00e9n\u00e9ral Mola ont caus\u00e9 la plus vive indignation en France, en Angleterre et en Am\u00e9rique&#039;&#039; - Museo de la Paz de Gernika<\/title>\n<meta name=\"robots\" content=\"index, follow, max-snippet:-1, max-image-preview:large, max-video-preview:-1\" \/>\n<link rel=\"canonical\" href=\"https:\/\/www.museodelapaz.eus\/fr\/documento\/por-sauver-la-population-de-bilbao-la-destruction-des-villes-par-laviation-allemande-et-les-menaces-du-general-mola-ont-cause-la-plus-vive-indignation-en-france-en-angleterre-et-en-amerique\/\" \/>\n<meta property=\"og:locale\" content=\"fr_FR\" \/>\n<meta property=\"og:type\" content=\"article\" \/>\n<meta property=\"og:title\" content=\"&#039;&#039;&#039;&#039;Por sauver la population de Bilbao: La destruction des villes par l&#039;aviation allemande et les menaces du g\u00e9n\u00e9ral Mola ont caus\u00e9 la plus vive indignation en France, en Angleterre et en Am\u00e9rique&#039;&#039; - Museo de la Paz de Gernika\" \/>\n<meta property=\"og:url\" content=\"https:\/\/www.museodelapaz.eus\/fr\/documento\/por-sauver-la-population-de-bilbao-la-destruction-des-villes-par-laviation-allemande-et-les-menaces-du-general-mola-ont-cause-la-plus-vive-indignation-en-france-en-angleterre-et-en-amerique\/\" \/>\n<meta property=\"og:site_name\" content=\"Museo de la Paz de Gernika\" \/>\n<meta property=\"article:modified_time\" content=\"2025-11-21T11:11:18+00:00\" \/>\n<meta name=\"twitter:card\" content=\"summary_large_image\" \/>\n<script type=\"application\/ld+json\" class=\"yoast-schema-graph\">{\"@context\":\"https:\\\/\\\/schema.org\",\"@graph\":[{\"@type\":\"WebPage\",\"@id\":\"https:\\\/\\\/www.museodelapaz.eus\\\/fr\\\/documento\\\/por-sauver-la-population-de-bilbao-la-destruction-des-villes-par-laviation-allemande-et-les-menaces-du-general-mola-ont-cause-la-plus-vive-indignation-en-france-en-angleterre-et-en-amerique\\\/\",\"url\":\"https:\\\/\\\/www.museodelapaz.eus\\\/fr\\\/documento\\\/por-sauver-la-population-de-bilbao-la-destruction-des-villes-par-laviation-allemande-et-les-menaces-du-general-mola-ont-cause-la-plus-vive-indignation-en-france-en-angleterre-et-en-amerique\\\/\",\"name\":\"''''Por sauver la population de Bilbao: La destruction des villes par l'aviation allemande et les menaces du g\u00e9n\u00e9ral Mola ont caus\u00e9 la plus vive indignation en France, en Angleterre et en Am\u00e9rique'' - Museo de la Paz de Gernika\",\"isPartOf\":{\"@id\":\"https:\\\/\\\/www.museodelapaz.eus\\\/fr\\\/#website\"},\"datePublished\":\"2025-10-15T15:14:51+00:00\",\"dateModified\":\"2025-11-21T11:11:18+00:00\",\"breadcrumb\":{\"@id\":\"https:\\\/\\\/www.museodelapaz.eus\\\/fr\\\/documento\\\/por-sauver-la-population-de-bilbao-la-destruction-des-villes-par-laviation-allemande-et-les-menaces-du-general-mola-ont-cause-la-plus-vive-indignation-en-france-en-angleterre-et-en-amerique\\\/#breadcrumb\"},\"inLanguage\":\"fr-FR\",\"potentialAction\":[{\"@type\":\"ReadAction\",\"target\":[\"https:\\\/\\\/www.museodelapaz.eus\\\/fr\\\/documento\\\/por-sauver-la-population-de-bilbao-la-destruction-des-villes-par-laviation-allemande-et-les-menaces-du-general-mola-ont-cause-la-plus-vive-indignation-en-france-en-angleterre-et-en-amerique\\\/\"]}]},{\"@type\":\"BreadcrumbList\",\"@id\":\"https:\\\/\\\/www.museodelapaz.eus\\\/fr\\\/documento\\\/por-sauver-la-population-de-bilbao-la-destruction-des-villes-par-laviation-allemande-et-les-menaces-du-general-mola-ont-cause-la-plus-vive-indignation-en-france-en-angleterre-et-en-amerique\\\/#breadcrumb\",\"itemListElement\":[{\"@type\":\"ListItem\",\"position\":1,\"name\":\"Portada\",\"item\":\"https:\\\/\\\/www.museodelapaz.eus\\\/fr\\\/accueil\\\/\"},{\"@type\":\"ListItem\",\"position\":2,\"name\":\"&#8221;&#8221;Por sauver la population de Bilbao: La destruction des villes par l&#8217;aviation allemande et les menaces du g\u00e9n\u00e9ral Mola ont caus\u00e9 la plus vive indignation en France, en Angleterre et en Am\u00e9rique&#8221;\"}]},{\"@type\":\"WebSite\",\"@id\":\"https:\\\/\\\/www.museodelapaz.eus\\\/fr\\\/#website\",\"url\":\"https:\\\/\\\/www.museodelapaz.eus\\\/fr\\\/\",\"name\":\"Museo de la Paz de Gernika\",\"description\":\"\",\"publisher\":{\"@id\":\"https:\\\/\\\/www.museodelapaz.eus\\\/fr\\\/#organization\"},\"potentialAction\":[{\"@type\":\"SearchAction\",\"target\":{\"@type\":\"EntryPoint\",\"urlTemplate\":\"https:\\\/\\\/www.museodelapaz.eus\\\/fr\\\/?s={search_term_string}\"},\"query-input\":{\"@type\":\"PropertyValueSpecification\",\"valueRequired\":true,\"valueName\":\"search_term_string\"}}],\"inLanguage\":\"fr-FR\"},{\"@type\":\"Organization\",\"@id\":\"https:\\\/\\\/www.museodelapaz.eus\\\/fr\\\/#organization\",\"name\":\"Museo de la Paz de Gernika\",\"url\":\"https:\\\/\\\/www.museodelapaz.eus\\\/fr\\\/\",\"logo\":{\"@type\":\"ImageObject\",\"inLanguage\":\"fr-FR\",\"@id\":\"https:\\\/\\\/www.museodelapaz.eus\\\/fr\\\/#\\\/schema\\\/logo\\\/image\\\/\",\"url\":\"https:\\\/\\\/www.museodelapaz.eus\\\/wp-content\\\/uploads\\\/2024\\\/05\\\/logo-museo-de-la-paz-gernika-h-1.svg\",\"contentUrl\":\"https:\\\/\\\/www.museodelapaz.eus\\\/wp-content\\\/uploads\\\/2024\\\/05\\\/logo-museo-de-la-paz-gernika-h-1.svg\",\"caption\":\"Museo de la Paz de Gernika\"},\"image\":{\"@id\":\"https:\\\/\\\/www.museodelapaz.eus\\\/fr\\\/#\\\/schema\\\/logo\\\/image\\\/\"}}]}<\/script>\n<!-- \/ Yoast SEO plugin. -->","yoast_head_json":{"title":"''''Por sauver la population de Bilbao: La destruction des villes par l'aviation allemande et les menaces du g\u00e9n\u00e9ral Mola ont caus\u00e9 la plus vive indignation en France, en Angleterre et en Am\u00e9rique'' - Museo de la Paz de Gernika","robots":{"index":"index","follow":"follow","max-snippet":"max-snippet:-1","max-image-preview":"max-image-preview:large","max-video-preview":"max-video-preview:-1"},"canonical":"https:\/\/www.museodelapaz.eus\/fr\/documento\/por-sauver-la-population-de-bilbao-la-destruction-des-villes-par-laviation-allemande-et-les-menaces-du-general-mola-ont-cause-la-plus-vive-indignation-en-france-en-angleterre-et-en-amerique\/","og_locale":"fr_FR","og_type":"article","og_title":"''''Por sauver la population de Bilbao: La destruction des villes par l'aviation allemande et les menaces du g\u00e9n\u00e9ral Mola ont caus\u00e9 la plus vive indignation en France, en Angleterre et en Am\u00e9rique'' - Museo de la Paz de Gernika","og_url":"https:\/\/www.museodelapaz.eus\/fr\/documento\/por-sauver-la-population-de-bilbao-la-destruction-des-villes-par-laviation-allemande-et-les-menaces-du-general-mola-ont-cause-la-plus-vive-indignation-en-france-en-angleterre-et-en-amerique\/","og_site_name":"Museo de la Paz de Gernika","article_modified_time":"2025-11-21T11:11:18+00:00","twitter_card":"summary_large_image","schema":{"@context":"https:\/\/schema.org","@graph":[{"@type":"WebPage","@id":"https:\/\/www.museodelapaz.eus\/fr\/documento\/por-sauver-la-population-de-bilbao-la-destruction-des-villes-par-laviation-allemande-et-les-menaces-du-general-mola-ont-cause-la-plus-vive-indignation-en-france-en-angleterre-et-en-amerique\/","url":"https:\/\/www.museodelapaz.eus\/fr\/documento\/por-sauver-la-population-de-bilbao-la-destruction-des-villes-par-laviation-allemande-et-les-menaces-du-general-mola-ont-cause-la-plus-vive-indignation-en-france-en-angleterre-et-en-amerique\/","name":"''''Por sauver la population de Bilbao: La destruction des villes par l'aviation allemande et les menaces du g\u00e9n\u00e9ral Mola ont caus\u00e9 la plus vive indignation en France, en Angleterre et en Am\u00e9rique'' - Museo de la Paz de Gernika","isPartOf":{"@id":"https:\/\/www.museodelapaz.eus\/fr\/#website"},"datePublished":"2025-10-15T15:14:51+00:00","dateModified":"2025-11-21T11:11:18+00:00","breadcrumb":{"@id":"https:\/\/www.museodelapaz.eus\/fr\/documento\/por-sauver-la-population-de-bilbao-la-destruction-des-villes-par-laviation-allemande-et-les-menaces-du-general-mola-ont-cause-la-plus-vive-indignation-en-france-en-angleterre-et-en-amerique\/#breadcrumb"},"inLanguage":"fr-FR","potentialAction":[{"@type":"ReadAction","target":["https:\/\/www.museodelapaz.eus\/fr\/documento\/por-sauver-la-population-de-bilbao-la-destruction-des-villes-par-laviation-allemande-et-les-menaces-du-general-mola-ont-cause-la-plus-vive-indignation-en-france-en-angleterre-et-en-amerique\/"]}]},{"@type":"BreadcrumbList","@id":"https:\/\/www.museodelapaz.eus\/fr\/documento\/por-sauver-la-population-de-bilbao-la-destruction-des-villes-par-laviation-allemande-et-les-menaces-du-general-mola-ont-cause-la-plus-vive-indignation-en-france-en-angleterre-et-en-amerique\/#breadcrumb","itemListElement":[{"@type":"ListItem","position":1,"name":"Portada","item":"https:\/\/www.museodelapaz.eus\/fr\/accueil\/"},{"@type":"ListItem","position":2,"name":"&#8221;&#8221;Por sauver la population de Bilbao: La destruction des villes par l&#8217;aviation allemande et les menaces du g\u00e9n\u00e9ral Mola ont caus\u00e9 la plus vive indignation en France, en Angleterre et en Am\u00e9rique&#8221;"}]},{"@type":"WebSite","@id":"https:\/\/www.museodelapaz.eus\/fr\/#website","url":"https:\/\/www.museodelapaz.eus\/fr\/","name":"Museo de la Paz de Gernika","description":"","publisher":{"@id":"https:\/\/www.museodelapaz.eus\/fr\/#organization"},"potentialAction":[{"@type":"SearchAction","target":{"@type":"EntryPoint","urlTemplate":"https:\/\/www.museodelapaz.eus\/fr\/?s={search_term_string}"},"query-input":{"@type":"PropertyValueSpecification","valueRequired":true,"valueName":"search_term_string"}}],"inLanguage":"fr-FR"},{"@type":"Organization","@id":"https:\/\/www.museodelapaz.eus\/fr\/#organization","name":"Museo de la Paz de Gernika","url":"https:\/\/www.museodelapaz.eus\/fr\/","logo":{"@type":"ImageObject","inLanguage":"fr-FR","@id":"https:\/\/www.museodelapaz.eus\/fr\/#\/schema\/logo\/image\/","url":"https:\/\/www.museodelapaz.eus\/wp-content\/uploads\/2024\/05\/logo-museo-de-la-paz-gernika-h-1.svg","contentUrl":"https:\/\/www.museodelapaz.eus\/wp-content\/uploads\/2024\/05\/logo-museo-de-la-paz-gernika-h-1.svg","caption":"Museo de la Paz de Gernika"},"image":{"@id":"https:\/\/www.museodelapaz.eus\/fr\/#\/schema\/logo\/image\/"}}]}},"_links":{"self":[{"href":"https:\/\/www.museodelapaz.eus\/fr\/wp-json\/wp\/v2\/documento\/25128","targetHints":{"allow":["GET"]}}],"collection":[{"href":"https:\/\/www.museodelapaz.eus\/fr\/wp-json\/wp\/v2\/documento"}],"about":[{"href":"https:\/\/www.museodelapaz.eus\/fr\/wp-json\/wp\/v2\/types\/documento"}],"wp:attachment":[{"href":"https:\/\/www.museodelapaz.eus\/fr\/wp-json\/wp\/v2\/media?parent=25128"}],"wp:term":[{"taxonomy":"descriptor","embeddable":true,"href":"https:\/\/www.museodelapaz.eus\/fr\/wp-json\/wp\/v2\/descriptor?post=25128"},{"taxonomy":"tipo-de-documento","embeddable":true,"href":"https:\/\/www.museodelapaz.eus\/fr\/wp-json\/wp\/v2\/tipo-de-documento?post=25128"}],"curies":[{"name":"wp","href":"https:\/\/api.w.org\/{rel}","templated":true}]}}

&#8221;&#8221;Por sauver la population de Bilbao: La destruction des villes par l&#8217;aviation allemande et les menaces du général Mola ont causé la plus vive indignation en France, en Angleterre et en Amérique&#8221;

<!-- This site is optimized with the Yoast SEO plugin v27.5 - https://yoast.com/product/yoast-seo-wordpress/ -->
<title>&#039;&#039;&#039;&#039;Por sauver la population de Bilbao: La destruction des villes par l&#039;aviation allemande et les menaces du général Mola ont causé la plus vive indignation en France, en Angleterre et en Amérique&#039;&#039; - Museo de la Paz de Gernika</title>
<meta name="robots" content="index, follow, max-snippet:-1, max-image-preview:large, max-video-preview:-1" />
<link rel="canonical" href="https://www.museodelapaz.eus/fr/documento/por-sauver-la-population-de-bilbao-la-destruction-des-villes-par-laviation-allemande-et-les-menaces-du-general-mola-ont-cause-la-plus-vive-indignation-en-france-en-angleterre-et-en-amerique/" />
<meta property="og:locale" content="fr_FR" />
<meta property="og:type" content="article" />
<meta property="og:title" content="&#039;&#039;&#039;&#039;Por sauver la population de Bilbao: La destruction des villes par l&#039;aviation allemande et les menaces du général Mola ont causé la plus vive indignation en France, en Angleterre et en Amérique&#039;&#039; - Museo de la Paz de Gernika" />
<meta property="og:url" content="https://www.museodelapaz.eus/fr/documento/por-sauver-la-population-de-bilbao-la-destruction-des-villes-par-laviation-allemande-et-les-menaces-du-general-mola-ont-cause-la-plus-vive-indignation-en-france-en-angleterre-et-en-amerique/" />
<meta property="og:site_name" content="Museo de la Paz de Gernika" />
<meta property="article:modified_time" content="2025-11-21T11:11:18+00:00" />
<meta name="twitter:card" content="summary_large_image" />
<script type="application/ld+json" class="yoast-schema-graph">{"@context":"https:\/\/schema.org","@graph":[{"@type":"WebPage","@id":"https:\/\/www.museodelapaz.eus\/fr\/documento\/por-sauver-la-population-de-bilbao-la-destruction-des-villes-par-laviation-allemande-et-les-menaces-du-general-mola-ont-cause-la-plus-vive-indignation-en-france-en-angleterre-et-en-amerique\/","url":"https:\/\/www.museodelapaz.eus\/fr\/documento\/por-sauver-la-population-de-bilbao-la-destruction-des-villes-par-laviation-allemande-et-les-menaces-du-general-mola-ont-cause-la-plus-vive-indignation-en-france-en-angleterre-et-en-amerique\/","name":"''''Por sauver la population de Bilbao: La destruction des villes par l'aviation allemande et les menaces du général Mola ont causé la plus vive indignation en France, en Angleterre et en Amérique'' - Museo de la Paz de Gernika","isPartOf":{"@id":"https:\/\/www.museodelapaz.eus\/fr\/#website"},"datePublished":"2025-10-15T15:14:51+00:00","dateModified":"2025-11-21T11:11:18+00:00","breadcrumb":{"@id":"https:\/\/www.museodelapaz.eus\/fr\/documento\/por-sauver-la-population-de-bilbao-la-destruction-des-villes-par-laviation-allemande-et-les-menaces-du-general-mola-ont-cause-la-plus-vive-indignation-en-france-en-angleterre-et-en-amerique\/#breadcrumb"},"inLanguage":"fr-FR","potentialAction":[{"@type":"ReadAction","target":["https:\/\/www.museodelapaz.eus\/fr\/documento\/por-sauver-la-population-de-bilbao-la-destruction-des-villes-par-laviation-allemande-et-les-menaces-du-general-mola-ont-cause-la-plus-vive-indignation-en-france-en-angleterre-et-en-amerique\/"]}]},{"@type":"BreadcrumbList","@id":"https:\/\/www.museodelapaz.eus\/fr\/documento\/por-sauver-la-population-de-bilbao-la-destruction-des-villes-par-laviation-allemande-et-les-menaces-du-general-mola-ont-cause-la-plus-vive-indignation-en-france-en-angleterre-et-en-amerique\/#breadcrumb","itemListElement":[{"@type":"ListItem","position":1,"name":"Portada","item":"https:\/\/www.museodelapaz.eus\/fr\/accueil\/"},{"@type":"ListItem","position":2,"name":"&#8221;&#8221;Por sauver la population de Bilbao: La destruction des villes par l&#8217;aviation allemande et les menaces du général Mola ont causé la plus vive indignation en France, en Angleterre et en Amérique&#8221;"}]},{"@type":"WebSite","@id":"https:\/\/www.museodelapaz.eus\/fr\/#website","url":"https:\/\/www.museodelapaz.eus\/fr\/","name":"Museo de la Paz de Gernika","description":"","publisher":{"@id":"https:\/\/www.museodelapaz.eus\/fr\/#organization"},"potentialAction":[{"@type":"SearchAction","target":{"@type":"EntryPoint","urlTemplate":"https:\/\/www.museodelapaz.eus\/fr\/?s={search_term_string}"},"query-input":{"@type":"PropertyValueSpecification","valueRequired":true,"valueName":"search_term_string"}}],"inLanguage":"fr-FR"},{"@type":"Organization","@id":"https:\/\/www.museodelapaz.eus\/fr\/#organization","name":"Museo de la Paz de Gernika","url":"https:\/\/www.museodelapaz.eus\/fr\/","logo":{"@type":"ImageObject","inLanguage":"fr-FR","@id":"https:\/\/www.museodelapaz.eus\/fr\/#\/schema\/logo\/image\/","url":"https:\/\/www.museodelapaz.eus\/wp-content\/uploads\/2024\/05\/logo-museo-de-la-paz-gernika-h-1.svg","contentUrl":"https:\/\/www.museodelapaz.eus\/wp-content\/uploads\/2024\/05\/logo-museo-de-la-paz-gernika-h-1.svg","caption":"Museo de la Paz de Gernika"},"image":{"@id":"https:\/\/www.museodelapaz.eus\/fr\/#\/schema\/logo\/image\/"}}]}</script>
<!-- / Yoast SEO plugin. -->

''''Por sauver la population de Bilbao: La destruction des villes par l'aviation allemande et les menaces du général Mola ont causé la plus vive indignation en France, en Angleterre et en Amérique'' - Museo de la Paz de Gernika
