{"id":25080,"date":"2025-10-15T17:14:45","date_gmt":"2025-10-15T15:14:45","guid":{"rendered":"https:\/\/www.museodelapaz.eus\/documento\/discours-prononce-par-s-e-le-dr-juan-negrin-president-du-conseil-des-ministres-devant-les-cortes-de-la-republique-espagnole-reunies-au-monastere-de-sant-cugat-del-valles-le-30-septembre-1938\/"},"modified":"2025-11-21T12:11:10","modified_gmt":"2025-11-21T11:11:10","slug":"discours-prononce-par-s-e-le-dr-juan-negrin-president-du-conseil-des-ministres-devant-les-cortes-de-la-republique-espagnole-reunies-au-monastere-de-sant-cugat-del-valles-le-30-septembre-1938","status":"publish","type":"documento","link":"https:\/\/www.museodelapaz.eus\/fr\/documento\/discours-prononce-par-s-e-le-dr-juan-negrin-president-du-conseil-des-ministres-devant-les-cortes-de-la-republique-espagnole-reunies-au-monastere-de-sant-cugat-del-valles-le-30-septembre-1938\/","title":{"rendered":"Discours prononc\u00eb par S.E. le Dr. Juan Negrin Pr\u00e9sident du Conseil des Ministres devant les Cort\u00e9s de la R\u00e9publique espagnole r\u00e9unies au Monast\u00e8re de Sant Cugat del Vall\u00e8s le 30 septembre 1938"},"content":{"rendered":"","protected":false},"featured_media":0,"menu_order":0,"template":"","meta":{"_acf_changed":false,"inline_featured_image":false},"descriptor":[5231],"tipo-de-documento":[1367],"class_list":["post-25080","documento","type-documento","status-publish","hentry","descriptor-republica-ii-guerra-civil-discursos","tipo-de-documento-literatura-gris-gri"],"acf":[],"yoast_head":"<!-- This site is optimized with the Yoast SEO plugin v27.5 - https:\/\/yoast.com\/product\/yoast-seo-wordpress\/ -->\n<title>Discours prononc\u00eb par S.E. le Dr. Juan Negrin Pr\u00e9sident du Conseil des Ministres devant les Cort\u00e9s de la R\u00e9publique espagnole r\u00e9unies au Monast\u00e8re de Sant Cugat del Vall\u00e8s le 30 septembre 1938 - Museo de la Paz de Gernika<\/title>\n<meta name=\"robots\" content=\"index, follow, max-snippet:-1, max-image-preview:large, max-video-preview:-1\" \/>\n<link rel=\"canonical\" href=\"https:\/\/www.museodelapaz.eus\/fr\/documento\/discours-prononce-par-s-e-le-dr-juan-negrin-president-du-conseil-des-ministres-devant-les-cortes-de-la-republique-espagnole-reunies-au-monastere-de-sant-cugat-del-valles-le-30-septembre-1938\/\" \/>\n<meta property=\"og:locale\" content=\"fr_FR\" \/>\n<meta property=\"og:type\" content=\"article\" \/>\n<meta property=\"og:title\" content=\"Discours prononc\u00eb par S.E. le Dr. Juan Negrin Pr\u00e9sident du Conseil des Ministres devant les Cort\u00e9s de la R\u00e9publique espagnole r\u00e9unies au Monast\u00e8re de Sant Cugat del Vall\u00e8s le 30 septembre 1938 - Museo de la Paz de Gernika\" \/>\n<meta property=\"og:url\" content=\"https:\/\/www.museodelapaz.eus\/fr\/documento\/discours-prononce-par-s-e-le-dr-juan-negrin-president-du-conseil-des-ministres-devant-les-cortes-de-la-republique-espagnole-reunies-au-monastere-de-sant-cugat-del-valles-le-30-septembre-1938\/\" \/>\n<meta property=\"og:site_name\" content=\"Museo de la Paz de Gernika\" \/>\n<meta property=\"article:modified_time\" content=\"2025-11-21T11:11:10+00:00\" \/>\n<meta name=\"twitter:card\" content=\"summary_large_image\" \/>\n<script type=\"application\/ld+json\" class=\"yoast-schema-graph\">{\"@context\":\"https:\\\/\\\/schema.org\",\"@graph\":[{\"@type\":\"WebPage\",\"@id\":\"https:\\\/\\\/www.museodelapaz.eus\\\/fr\\\/documento\\\/discours-prononce-par-s-e-le-dr-juan-negrin-president-du-conseil-des-ministres-devant-les-cortes-de-la-republique-espagnole-reunies-au-monastere-de-sant-cugat-del-valles-le-30-septembre-1938\\\/\",\"url\":\"https:\\\/\\\/www.museodelapaz.eus\\\/fr\\\/documento\\\/discours-prononce-par-s-e-le-dr-juan-negrin-president-du-conseil-des-ministres-devant-les-cortes-de-la-republique-espagnole-reunies-au-monastere-de-sant-cugat-del-valles-le-30-septembre-1938\\\/\",\"name\":\"Discours prononc\u00eb par S.E. le Dr. Juan Negrin Pr\u00e9sident du Conseil des Ministres devant les Cort\u00e9s de la R\u00e9publique espagnole r\u00e9unies au Monast\u00e8re de Sant Cugat del Vall\u00e8s le 30 septembre 1938 - Museo de la Paz de Gernika\",\"isPartOf\":{\"@id\":\"https:\\\/\\\/www.museodelapaz.eus\\\/fr\\\/#website\"},\"datePublished\":\"2025-10-15T15:14:45+00:00\",\"dateModified\":\"2025-11-21T11:11:10+00:00\",\"breadcrumb\":{\"@id\":\"https:\\\/\\\/www.museodelapaz.eus\\\/fr\\\/documento\\\/discours-prononce-par-s-e-le-dr-juan-negrin-president-du-conseil-des-ministres-devant-les-cortes-de-la-republique-espagnole-reunies-au-monastere-de-sant-cugat-del-valles-le-30-septembre-1938\\\/#breadcrumb\"},\"inLanguage\":\"fr-FR\",\"potentialAction\":[{\"@type\":\"ReadAction\",\"target\":[\"https:\\\/\\\/www.museodelapaz.eus\\\/fr\\\/documento\\\/discours-prononce-par-s-e-le-dr-juan-negrin-president-du-conseil-des-ministres-devant-les-cortes-de-la-republique-espagnole-reunies-au-monastere-de-sant-cugat-del-valles-le-30-septembre-1938\\\/\"]}]},{\"@type\":\"BreadcrumbList\",\"@id\":\"https:\\\/\\\/www.museodelapaz.eus\\\/fr\\\/documento\\\/discours-prononce-par-s-e-le-dr-juan-negrin-president-du-conseil-des-ministres-devant-les-cortes-de-la-republique-espagnole-reunies-au-monastere-de-sant-cugat-del-valles-le-30-septembre-1938\\\/#breadcrumb\",\"itemListElement\":[{\"@type\":\"ListItem\",\"position\":1,\"name\":\"Portada\",\"item\":\"https:\\\/\\\/www.museodelapaz.eus\\\/fr\\\/accueil\\\/\"},{\"@type\":\"ListItem\",\"position\":2,\"name\":\"Discours prononc\u00eb par S.E. le Dr. Juan Negrin Pr\u00e9sident du Conseil des Ministres devant les Cort\u00e9s de la R\u00e9publique espagnole r\u00e9unies au Monast\u00e8re de Sant Cugat del Vall\u00e8s le 30 septembre 1938\"}]},{\"@type\":\"WebSite\",\"@id\":\"https:\\\/\\\/www.museodelapaz.eus\\\/fr\\\/#website\",\"url\":\"https:\\\/\\\/www.museodelapaz.eus\\\/fr\\\/\",\"name\":\"Museo de la Paz de Gernika\",\"description\":\"\",\"publisher\":{\"@id\":\"https:\\\/\\\/www.museodelapaz.eus\\\/fr\\\/#organization\"},\"potentialAction\":[{\"@type\":\"SearchAction\",\"target\":{\"@type\":\"EntryPoint\",\"urlTemplate\":\"https:\\\/\\\/www.museodelapaz.eus\\\/fr\\\/?s={search_term_string}\"},\"query-input\":{\"@type\":\"PropertyValueSpecification\",\"valueRequired\":true,\"valueName\":\"search_term_string\"}}],\"inLanguage\":\"fr-FR\"},{\"@type\":\"Organization\",\"@id\":\"https:\\\/\\\/www.museodelapaz.eus\\\/fr\\\/#organization\",\"name\":\"Museo de la Paz de Gernika\",\"url\":\"https:\\\/\\\/www.museodelapaz.eus\\\/fr\\\/\",\"logo\":{\"@type\":\"ImageObject\",\"inLanguage\":\"fr-FR\",\"@id\":\"https:\\\/\\\/www.museodelapaz.eus\\\/fr\\\/#\\\/schema\\\/logo\\\/image\\\/\",\"url\":\"https:\\\/\\\/www.museodelapaz.eus\\\/wp-content\\\/uploads\\\/2024\\\/05\\\/logo-museo-de-la-paz-gernika-h-1.svg\",\"contentUrl\":\"https:\\\/\\\/www.museodelapaz.eus\\\/wp-content\\\/uploads\\\/2024\\\/05\\\/logo-museo-de-la-paz-gernika-h-1.svg\",\"caption\":\"Museo de la Paz de Gernika\"},\"image\":{\"@id\":\"https:\\\/\\\/www.museodelapaz.eus\\\/fr\\\/#\\\/schema\\\/logo\\\/image\\\/\"}}]}<\/script>\n<!-- \/ Yoast SEO plugin. -->","yoast_head_json":{"title":"Discours prononc\u00eb par S.E. le Dr. Juan Negrin Pr\u00e9sident du Conseil des Ministres devant les Cort\u00e9s de la R\u00e9publique espagnole r\u00e9unies au Monast\u00e8re de Sant Cugat del Vall\u00e8s le 30 septembre 1938 - Museo de la Paz de Gernika","robots":{"index":"index","follow":"follow","max-snippet":"max-snippet:-1","max-image-preview":"max-image-preview:large","max-video-preview":"max-video-preview:-1"},"canonical":"https:\/\/www.museodelapaz.eus\/fr\/documento\/discours-prononce-par-s-e-le-dr-juan-negrin-president-du-conseil-des-ministres-devant-les-cortes-de-la-republique-espagnole-reunies-au-monastere-de-sant-cugat-del-valles-le-30-septembre-1938\/","og_locale":"fr_FR","og_type":"article","og_title":"Discours prononc\u00eb par S.E. le Dr. Juan Negrin Pr\u00e9sident du Conseil des Ministres devant les Cort\u00e9s de la R\u00e9publique espagnole r\u00e9unies au Monast\u00e8re de Sant Cugat del Vall\u00e8s le 30 septembre 1938 - Museo de la Paz de Gernika","og_url":"https:\/\/www.museodelapaz.eus\/fr\/documento\/discours-prononce-par-s-e-le-dr-juan-negrin-president-du-conseil-des-ministres-devant-les-cortes-de-la-republique-espagnole-reunies-au-monastere-de-sant-cugat-del-valles-le-30-septembre-1938\/","og_site_name":"Museo de la Paz de Gernika","article_modified_time":"2025-11-21T11:11:10+00:00","twitter_card":"summary_large_image","schema":{"@context":"https:\/\/schema.org","@graph":[{"@type":"WebPage","@id":"https:\/\/www.museodelapaz.eus\/fr\/documento\/discours-prononce-par-s-e-le-dr-juan-negrin-president-du-conseil-des-ministres-devant-les-cortes-de-la-republique-espagnole-reunies-au-monastere-de-sant-cugat-del-valles-le-30-septembre-1938\/","url":"https:\/\/www.museodelapaz.eus\/fr\/documento\/discours-prononce-par-s-e-le-dr-juan-negrin-president-du-conseil-des-ministres-devant-les-cortes-de-la-republique-espagnole-reunies-au-monastere-de-sant-cugat-del-valles-le-30-septembre-1938\/","name":"Discours prononc\u00eb par S.E. le Dr. Juan Negrin Pr\u00e9sident du Conseil des Ministres devant les Cort\u00e9s de la R\u00e9publique espagnole r\u00e9unies au Monast\u00e8re de Sant Cugat del Vall\u00e8s le 30 septembre 1938 - Museo de la Paz de Gernika","isPartOf":{"@id":"https:\/\/www.museodelapaz.eus\/fr\/#website"},"datePublished":"2025-10-15T15:14:45+00:00","dateModified":"2025-11-21T11:11:10+00:00","breadcrumb":{"@id":"https:\/\/www.museodelapaz.eus\/fr\/documento\/discours-prononce-par-s-e-le-dr-juan-negrin-president-du-conseil-des-ministres-devant-les-cortes-de-la-republique-espagnole-reunies-au-monastere-de-sant-cugat-del-valles-le-30-septembre-1938\/#breadcrumb"},"inLanguage":"fr-FR","potentialAction":[{"@type":"ReadAction","target":["https:\/\/www.museodelapaz.eus\/fr\/documento\/discours-prononce-par-s-e-le-dr-juan-negrin-president-du-conseil-des-ministres-devant-les-cortes-de-la-republique-espagnole-reunies-au-monastere-de-sant-cugat-del-valles-le-30-septembre-1938\/"]}]},{"@type":"BreadcrumbList","@id":"https:\/\/www.museodelapaz.eus\/fr\/documento\/discours-prononce-par-s-e-le-dr-juan-negrin-president-du-conseil-des-ministres-devant-les-cortes-de-la-republique-espagnole-reunies-au-monastere-de-sant-cugat-del-valles-le-30-septembre-1938\/#breadcrumb","itemListElement":[{"@type":"ListItem","position":1,"name":"Portada","item":"https:\/\/www.museodelapaz.eus\/fr\/accueil\/"},{"@type":"ListItem","position":2,"name":"Discours prononc\u00eb par S.E. le Dr. Juan Negrin Pr\u00e9sident du Conseil des Ministres devant les Cort\u00e9s de la R\u00e9publique espagnole r\u00e9unies au Monast\u00e8re de Sant Cugat del Vall\u00e8s le 30 septembre 1938"}]},{"@type":"WebSite","@id":"https:\/\/www.museodelapaz.eus\/fr\/#website","url":"https:\/\/www.museodelapaz.eus\/fr\/","name":"Museo de la Paz de Gernika","description":"","publisher":{"@id":"https:\/\/www.museodelapaz.eus\/fr\/#organization"},"potentialAction":[{"@type":"SearchAction","target":{"@type":"EntryPoint","urlTemplate":"https:\/\/www.museodelapaz.eus\/fr\/?s={search_term_string}"},"query-input":{"@type":"PropertyValueSpecification","valueRequired":true,"valueName":"search_term_string"}}],"inLanguage":"fr-FR"},{"@type":"Organization","@id":"https:\/\/www.museodelapaz.eus\/fr\/#organization","name":"Museo de la Paz de Gernika","url":"https:\/\/www.museodelapaz.eus\/fr\/","logo":{"@type":"ImageObject","inLanguage":"fr-FR","@id":"https:\/\/www.museodelapaz.eus\/fr\/#\/schema\/logo\/image\/","url":"https:\/\/www.museodelapaz.eus\/wp-content\/uploads\/2024\/05\/logo-museo-de-la-paz-gernika-h-1.svg","contentUrl":"https:\/\/www.museodelapaz.eus\/wp-content\/uploads\/2024\/05\/logo-museo-de-la-paz-gernika-h-1.svg","caption":"Museo de la Paz de Gernika"},"image":{"@id":"https:\/\/www.museodelapaz.eus\/fr\/#\/schema\/logo\/image\/"}}]}},"_links":{"self":[{"href":"https:\/\/www.museodelapaz.eus\/fr\/wp-json\/wp\/v2\/documento\/25080","targetHints":{"allow":["GET"]}}],"collection":[{"href":"https:\/\/www.museodelapaz.eus\/fr\/wp-json\/wp\/v2\/documento"}],"about":[{"href":"https:\/\/www.museodelapaz.eus\/fr\/wp-json\/wp\/v2\/types\/documento"}],"wp:attachment":[{"href":"https:\/\/www.museodelapaz.eus\/fr\/wp-json\/wp\/v2\/media?parent=25080"}],"wp:term":[{"taxonomy":"descriptor","embeddable":true,"href":"https:\/\/www.museodelapaz.eus\/fr\/wp-json\/wp\/v2\/descriptor?post=25080"},{"taxonomy":"tipo-de-documento","embeddable":true,"href":"https:\/\/www.museodelapaz.eus\/fr\/wp-json\/wp\/v2\/tipo-de-documento?post=25080"}],"curies":[{"name":"wp","href":"https:\/\/api.w.org\/{rel}","templated":true}]}}

Discours prononcë par S.E. le Dr. Juan Negrin Président du Conseil des Ministres devant les Cortés de la République espagnole réunies au Monastère de Sant Cugat del Vallès le 30 septembre 1938

<!-- This site is optimized with the Yoast SEO plugin v27.5 - https://yoast.com/product/yoast-seo-wordpress/ -->
<title>Discours prononcë par S.E. le Dr. Juan Negrin Président du Conseil des Ministres devant les Cortés de la République espagnole réunies au Monastère de Sant Cugat del Vallès le 30 septembre 1938 - Museo de la Paz de Gernika</title>
<meta name="robots" content="index, follow, max-snippet:-1, max-image-preview:large, max-video-preview:-1" />
<link rel="canonical" href="https://www.museodelapaz.eus/fr/documento/discours-prononce-par-s-e-le-dr-juan-negrin-president-du-conseil-des-ministres-devant-les-cortes-de-la-republique-espagnole-reunies-au-monastere-de-sant-cugat-del-valles-le-30-septembre-1938/" />
<meta property="og:locale" content="fr_FR" />
<meta property="og:type" content="article" />
<meta property="og:title" content="Discours prononcë par S.E. le Dr. Juan Negrin Président du Conseil des Ministres devant les Cortés de la République espagnole réunies au Monastère de Sant Cugat del Vallès le 30 septembre 1938 - Museo de la Paz de Gernika" />
<meta property="og:url" content="https://www.museodelapaz.eus/fr/documento/discours-prononce-par-s-e-le-dr-juan-negrin-president-du-conseil-des-ministres-devant-les-cortes-de-la-republique-espagnole-reunies-au-monastere-de-sant-cugat-del-valles-le-30-septembre-1938/" />
<meta property="og:site_name" content="Museo de la Paz de Gernika" />
<meta property="article:modified_time" content="2025-11-21T11:11:10+00:00" />
<meta name="twitter:card" content="summary_large_image" />
<script type="application/ld+json" class="yoast-schema-graph">{"@context":"https:\/\/schema.org","@graph":[{"@type":"WebPage","@id":"https:\/\/www.museodelapaz.eus\/fr\/documento\/discours-prononce-par-s-e-le-dr-juan-negrin-president-du-conseil-des-ministres-devant-les-cortes-de-la-republique-espagnole-reunies-au-monastere-de-sant-cugat-del-valles-le-30-septembre-1938\/","url":"https:\/\/www.museodelapaz.eus\/fr\/documento\/discours-prononce-par-s-e-le-dr-juan-negrin-president-du-conseil-des-ministres-devant-les-cortes-de-la-republique-espagnole-reunies-au-monastere-de-sant-cugat-del-valles-le-30-septembre-1938\/","name":"Discours prononcë par S.E. le Dr. Juan Negrin Président du Conseil des Ministres devant les Cortés de la République espagnole réunies au Monastère de Sant Cugat del Vallès le 30 septembre 1938 - Museo de la Paz de Gernika","isPartOf":{"@id":"https:\/\/www.museodelapaz.eus\/fr\/#website"},"datePublished":"2025-10-15T15:14:45+00:00","dateModified":"2025-11-21T11:11:10+00:00","breadcrumb":{"@id":"https:\/\/www.museodelapaz.eus\/fr\/documento\/discours-prononce-par-s-e-le-dr-juan-negrin-president-du-conseil-des-ministres-devant-les-cortes-de-la-republique-espagnole-reunies-au-monastere-de-sant-cugat-del-valles-le-30-septembre-1938\/#breadcrumb"},"inLanguage":"fr-FR","potentialAction":[{"@type":"ReadAction","target":["https:\/\/www.museodelapaz.eus\/fr\/documento\/discours-prononce-par-s-e-le-dr-juan-negrin-president-du-conseil-des-ministres-devant-les-cortes-de-la-republique-espagnole-reunies-au-monastere-de-sant-cugat-del-valles-le-30-septembre-1938\/"]}]},{"@type":"BreadcrumbList","@id":"https:\/\/www.museodelapaz.eus\/fr\/documento\/discours-prononce-par-s-e-le-dr-juan-negrin-president-du-conseil-des-ministres-devant-les-cortes-de-la-republique-espagnole-reunies-au-monastere-de-sant-cugat-del-valles-le-30-septembre-1938\/#breadcrumb","itemListElement":[{"@type":"ListItem","position":1,"name":"Portada","item":"https:\/\/www.museodelapaz.eus\/fr\/accueil\/"},{"@type":"ListItem","position":2,"name":"Discours prononcë par S.E. le Dr. Juan Negrin Président du Conseil des Ministres devant les Cortés de la République espagnole réunies au Monastère de Sant Cugat del Vallès le 30 septembre 1938"}]},{"@type":"WebSite","@id":"https:\/\/www.museodelapaz.eus\/fr\/#website","url":"https:\/\/www.museodelapaz.eus\/fr\/","name":"Museo de la Paz de Gernika","description":"","publisher":{"@id":"https:\/\/www.museodelapaz.eus\/fr\/#organization"},"potentialAction":[{"@type":"SearchAction","target":{"@type":"EntryPoint","urlTemplate":"https:\/\/www.museodelapaz.eus\/fr\/?s={search_term_string}"},"query-input":{"@type":"PropertyValueSpecification","valueRequired":true,"valueName":"search_term_string"}}],"inLanguage":"fr-FR"},{"@type":"Organization","@id":"https:\/\/www.museodelapaz.eus\/fr\/#organization","name":"Museo de la Paz de Gernika","url":"https:\/\/www.museodelapaz.eus\/fr\/","logo":{"@type":"ImageObject","inLanguage":"fr-FR","@id":"https:\/\/www.museodelapaz.eus\/fr\/#\/schema\/logo\/image\/","url":"https:\/\/www.museodelapaz.eus\/wp-content\/uploads\/2024\/05\/logo-museo-de-la-paz-gernika-h-1.svg","contentUrl":"https:\/\/www.museodelapaz.eus\/wp-content\/uploads\/2024\/05\/logo-museo-de-la-paz-gernika-h-1.svg","caption":"Museo de la Paz de Gernika"},"image":{"@id":"https:\/\/www.museodelapaz.eus\/fr\/#\/schema\/logo\/image\/"}}]}</script>
<!-- / Yoast SEO plugin. -->

Discours prononcë par S.E. le Dr. Juan Negrin Président du Conseil des Ministres devant les Cortés de la République espagnole réunies au Monastère de Sant Cugat del Vallès le 30 septembre 1938 - Museo de la Paz de Gernika
