{"id":25013,"date":"2025-10-15T17:14:39","date_gmt":"2025-10-15T15:14:39","guid":{"rendered":"https:\/\/www.museodelapaz.eus\/documento\/dans-une-proclamation-pathetique-le-gouvernement-de-bilbao-denonce-la-barbarie-hitlerienne-spectacles-d-horreur-dans-guernica-aneantie-lire-dans-la-troisieme-page-le-recit-de-notre-envoye-special\/"},"modified":"2025-11-21T12:11:02","modified_gmt":"2025-11-21T11:11:02","slug":"dans-une-proclamation-pathetique-le-gouvernement-de-bilbao-denonce-la-barbarie-hitlerienne-spectacles-d-horreur-dans-guernica-aneantie-lire-dans-la-troisieme-page-le-recit-de-notre-envoye-special","status":"publish","type":"documento","link":"https:\/\/www.museodelapaz.eus\/eu\/documento\/dans-une-proclamation-pathetique-le-gouvernement-de-bilbao-denonce-la-barbarie-hitlerienne-spectacles-d-horreur-dans-guernica-aneantie-lire-dans-la-troisieme-page-le-recit-de-notre-envoye-special\/","title":{"rendered":"&#8221;Dans une proclamation pathetique le gouvernement de Bilbao d\u00e9nonce la barbarie hitl\u00e9rienne. Spectacles d&#8217; horreur dans Guernica an\u00e9antie. Lire dans la troisi\u00e8me page le r\u00e9cit de notre envoy\u00e9 special Mathieu Corman&#8221;"},"content":{"rendered":"","protected":false},"featured_media":0,"menu_order":0,"template":"","meta":{"_acf_changed":false,"inline_featured_image":false},"descriptor":[5075],"tipo-de-documento":[620],"class_list":["post-25013","documento","type-documento","status-publish","hentry","descriptor-guerra-civil-bombardeo-de-gernika-repercusion-internacional-fotografias","tipo-de-documento-hemeroteca-hem"],"acf":[],"yoast_head":"<!-- This site is optimized with the Yoast SEO plugin v27.5 - https:\/\/yoast.com\/product\/yoast-seo-wordpress\/ -->\n<title>&#039;&#039;Dans une proclamation pathetique le gouvernement de Bilbao d\u00e9nonce la barbarie hitl\u00e9rienne. Spectacles d&#039; horreur dans Guernica an\u00e9antie. Lire dans la troisi\u00e8me page le r\u00e9cit de notre envoy\u00e9 special Mathieu Corman&#039;&#039; - Museo de la Paz de Gernika<\/title>\n<meta name=\"robots\" content=\"index, follow, max-snippet:-1, max-image-preview:large, max-video-preview:-1\" \/>\n<link rel=\"canonical\" href=\"https:\/\/www.museodelapaz.eus\/eu\/documento\/dans-une-proclamation-pathetique-le-gouvernement-de-bilbao-denonce-la-barbarie-hitlerienne-spectacles-d-horreur-dans-guernica-aneantie-lire-dans-la-troisieme-page-le-recit-de-notre-envoye-special\/\" \/>\n<meta property=\"og:locale\" content=\"eu_ES\" \/>\n<meta property=\"og:type\" content=\"article\" \/>\n<meta property=\"og:title\" content=\"&#039;&#039;Dans une proclamation pathetique le gouvernement de Bilbao d\u00e9nonce la barbarie hitl\u00e9rienne. Spectacles d&#039; horreur dans Guernica an\u00e9antie. Lire dans la troisi\u00e8me page le r\u00e9cit de notre envoy\u00e9 special Mathieu Corman&#039;&#039; - Museo de la Paz de Gernika\" \/>\n<meta property=\"og:url\" content=\"https:\/\/www.museodelapaz.eus\/eu\/documento\/dans-une-proclamation-pathetique-le-gouvernement-de-bilbao-denonce-la-barbarie-hitlerienne-spectacles-d-horreur-dans-guernica-aneantie-lire-dans-la-troisieme-page-le-recit-de-notre-envoye-special\/\" \/>\n<meta property=\"og:site_name\" content=\"Museo de la Paz de Gernika\" \/>\n<meta property=\"article:modified_time\" content=\"2025-11-21T11:11:02+00:00\" \/>\n<meta name=\"twitter:card\" content=\"summary_large_image\" \/>\n<script type=\"application\/ld+json\" class=\"yoast-schema-graph\">{\"@context\":\"https:\\\/\\\/schema.org\",\"@graph\":[{\"@type\":\"WebPage\",\"@id\":\"https:\\\/\\\/www.museodelapaz.eus\\\/eu\\\/documento\\\/dans-une-proclamation-pathetique-le-gouvernement-de-bilbao-denonce-la-barbarie-hitlerienne-spectacles-d-horreur-dans-guernica-aneantie-lire-dans-la-troisieme-page-le-recit-de-notre-envoye-special\\\/\",\"url\":\"https:\\\/\\\/www.museodelapaz.eus\\\/eu\\\/documento\\\/dans-une-proclamation-pathetique-le-gouvernement-de-bilbao-denonce-la-barbarie-hitlerienne-spectacles-d-horreur-dans-guernica-aneantie-lire-dans-la-troisieme-page-le-recit-de-notre-envoye-special\\\/\",\"name\":\"''Dans une proclamation pathetique le gouvernement de Bilbao d\u00e9nonce la barbarie hitl\u00e9rienne. Spectacles d' horreur dans Guernica an\u00e9antie. Lire dans la troisi\u00e8me page le r\u00e9cit de notre envoy\u00e9 special Mathieu Corman'' - Museo de la Paz de Gernika\",\"isPartOf\":{\"@id\":\"https:\\\/\\\/www.museodelapaz.eus\\\/eu\\\/#website\"},\"datePublished\":\"2025-10-15T15:14:39+00:00\",\"dateModified\":\"2025-11-21T11:11:02+00:00\",\"breadcrumb\":{\"@id\":\"https:\\\/\\\/www.museodelapaz.eus\\\/eu\\\/documento\\\/dans-une-proclamation-pathetique-le-gouvernement-de-bilbao-denonce-la-barbarie-hitlerienne-spectacles-d-horreur-dans-guernica-aneantie-lire-dans-la-troisieme-page-le-recit-de-notre-envoye-special\\\/#breadcrumb\"},\"inLanguage\":\"eu-ES\",\"potentialAction\":[{\"@type\":\"ReadAction\",\"target\":[\"https:\\\/\\\/www.museodelapaz.eus\\\/eu\\\/documento\\\/dans-une-proclamation-pathetique-le-gouvernement-de-bilbao-denonce-la-barbarie-hitlerienne-spectacles-d-horreur-dans-guernica-aneantie-lire-dans-la-troisieme-page-le-recit-de-notre-envoye-special\\\/\"]}]},{\"@type\":\"BreadcrumbList\",\"@id\":\"https:\\\/\\\/www.museodelapaz.eus\\\/eu\\\/documento\\\/dans-une-proclamation-pathetique-le-gouvernement-de-bilbao-denonce-la-barbarie-hitlerienne-spectacles-d-horreur-dans-guernica-aneantie-lire-dans-la-troisieme-page-le-recit-de-notre-envoye-special\\\/#breadcrumb\",\"itemListElement\":[{\"@type\":\"ListItem\",\"position\":1,\"name\":\"Portada\",\"item\":\"https:\\\/\\\/www.museodelapaz.eus\\\/eu\\\/hasierako-orria\\\/\"},{\"@type\":\"ListItem\",\"position\":2,\"name\":\"&#8221;Dans une proclamation pathetique le gouvernement de Bilbao d\u00e9nonce la barbarie hitl\u00e9rienne. Spectacles d&#8217; horreur dans Guernica an\u00e9antie. Lire dans la troisi\u00e8me page le r\u00e9cit de notre envoy\u00e9 special Mathieu Corman&#8221;\"}]},{\"@type\":\"WebSite\",\"@id\":\"https:\\\/\\\/www.museodelapaz.eus\\\/eu\\\/#website\",\"url\":\"https:\\\/\\\/www.museodelapaz.eus\\\/eu\\\/\",\"name\":\"Museo de la Paz de Gernika\",\"description\":\"\",\"publisher\":{\"@id\":\"https:\\\/\\\/www.museodelapaz.eus\\\/eu\\\/#organization\"},\"potentialAction\":[{\"@type\":\"SearchAction\",\"target\":{\"@type\":\"EntryPoint\",\"urlTemplate\":\"https:\\\/\\\/www.museodelapaz.eus\\\/eu\\\/?s={search_term_string}\"},\"query-input\":{\"@type\":\"PropertyValueSpecification\",\"valueRequired\":true,\"valueName\":\"search_term_string\"}}],\"inLanguage\":\"eu-ES\"},{\"@type\":\"Organization\",\"@id\":\"https:\\\/\\\/www.museodelapaz.eus\\\/eu\\\/#organization\",\"name\":\"Museo de la Paz de Gernika\",\"url\":\"https:\\\/\\\/www.museodelapaz.eus\\\/eu\\\/\",\"logo\":{\"@type\":\"ImageObject\",\"inLanguage\":\"eu-ES\",\"@id\":\"https:\\\/\\\/www.museodelapaz.eus\\\/eu\\\/#\\\/schema\\\/logo\\\/image\\\/\",\"url\":\"https:\\\/\\\/www.museodelapaz.eus\\\/wp-content\\\/uploads\\\/2024\\\/05\\\/logo-museo-de-la-paz-gernika-h-1.svg\",\"contentUrl\":\"https:\\\/\\\/www.museodelapaz.eus\\\/wp-content\\\/uploads\\\/2024\\\/05\\\/logo-museo-de-la-paz-gernika-h-1.svg\",\"caption\":\"Museo de la Paz de Gernika\"},\"image\":{\"@id\":\"https:\\\/\\\/www.museodelapaz.eus\\\/eu\\\/#\\\/schema\\\/logo\\\/image\\\/\"}}]}<\/script>\n<!-- \/ Yoast SEO plugin. -->","yoast_head_json":{"title":"''Dans une proclamation pathetique le gouvernement de Bilbao d\u00e9nonce la barbarie hitl\u00e9rienne. Spectacles d' horreur dans Guernica an\u00e9antie. Lire dans la troisi\u00e8me page le r\u00e9cit de notre envoy\u00e9 special Mathieu Corman'' - Museo de la Paz de Gernika","robots":{"index":"index","follow":"follow","max-snippet":"max-snippet:-1","max-image-preview":"max-image-preview:large","max-video-preview":"max-video-preview:-1"},"canonical":"https:\/\/www.museodelapaz.eus\/eu\/documento\/dans-une-proclamation-pathetique-le-gouvernement-de-bilbao-denonce-la-barbarie-hitlerienne-spectacles-d-horreur-dans-guernica-aneantie-lire-dans-la-troisieme-page-le-recit-de-notre-envoye-special\/","og_locale":"eu_ES","og_type":"article","og_title":"''Dans une proclamation pathetique le gouvernement de Bilbao d\u00e9nonce la barbarie hitl\u00e9rienne. Spectacles d' horreur dans Guernica an\u00e9antie. Lire dans la troisi\u00e8me page le r\u00e9cit de notre envoy\u00e9 special Mathieu Corman'' - Museo de la Paz de Gernika","og_url":"https:\/\/www.museodelapaz.eus\/eu\/documento\/dans-une-proclamation-pathetique-le-gouvernement-de-bilbao-denonce-la-barbarie-hitlerienne-spectacles-d-horreur-dans-guernica-aneantie-lire-dans-la-troisieme-page-le-recit-de-notre-envoye-special\/","og_site_name":"Museo de la Paz de Gernika","article_modified_time":"2025-11-21T11:11:02+00:00","twitter_card":"summary_large_image","schema":{"@context":"https:\/\/schema.org","@graph":[{"@type":"WebPage","@id":"https:\/\/www.museodelapaz.eus\/eu\/documento\/dans-une-proclamation-pathetique-le-gouvernement-de-bilbao-denonce-la-barbarie-hitlerienne-spectacles-d-horreur-dans-guernica-aneantie-lire-dans-la-troisieme-page-le-recit-de-notre-envoye-special\/","url":"https:\/\/www.museodelapaz.eus\/eu\/documento\/dans-une-proclamation-pathetique-le-gouvernement-de-bilbao-denonce-la-barbarie-hitlerienne-spectacles-d-horreur-dans-guernica-aneantie-lire-dans-la-troisieme-page-le-recit-de-notre-envoye-special\/","name":"''Dans une proclamation pathetique le gouvernement de Bilbao d\u00e9nonce la barbarie hitl\u00e9rienne. Spectacles d' horreur dans Guernica an\u00e9antie. Lire dans la troisi\u00e8me page le r\u00e9cit de notre envoy\u00e9 special Mathieu Corman'' - Museo de la Paz de Gernika","isPartOf":{"@id":"https:\/\/www.museodelapaz.eus\/eu\/#website"},"datePublished":"2025-10-15T15:14:39+00:00","dateModified":"2025-11-21T11:11:02+00:00","breadcrumb":{"@id":"https:\/\/www.museodelapaz.eus\/eu\/documento\/dans-une-proclamation-pathetique-le-gouvernement-de-bilbao-denonce-la-barbarie-hitlerienne-spectacles-d-horreur-dans-guernica-aneantie-lire-dans-la-troisieme-page-le-recit-de-notre-envoye-special\/#breadcrumb"},"inLanguage":"eu-ES","potentialAction":[{"@type":"ReadAction","target":["https:\/\/www.museodelapaz.eus\/eu\/documento\/dans-une-proclamation-pathetique-le-gouvernement-de-bilbao-denonce-la-barbarie-hitlerienne-spectacles-d-horreur-dans-guernica-aneantie-lire-dans-la-troisieme-page-le-recit-de-notre-envoye-special\/"]}]},{"@type":"BreadcrumbList","@id":"https:\/\/www.museodelapaz.eus\/eu\/documento\/dans-une-proclamation-pathetique-le-gouvernement-de-bilbao-denonce-la-barbarie-hitlerienne-spectacles-d-horreur-dans-guernica-aneantie-lire-dans-la-troisieme-page-le-recit-de-notre-envoye-special\/#breadcrumb","itemListElement":[{"@type":"ListItem","position":1,"name":"Portada","item":"https:\/\/www.museodelapaz.eus\/eu\/hasierako-orria\/"},{"@type":"ListItem","position":2,"name":"&#8221;Dans une proclamation pathetique le gouvernement de Bilbao d\u00e9nonce la barbarie hitl\u00e9rienne. Spectacles d&#8217; horreur dans Guernica an\u00e9antie. Lire dans la troisi\u00e8me page le r\u00e9cit de notre envoy\u00e9 special Mathieu Corman&#8221;"}]},{"@type":"WebSite","@id":"https:\/\/www.museodelapaz.eus\/eu\/#website","url":"https:\/\/www.museodelapaz.eus\/eu\/","name":"Museo de la Paz de Gernika","description":"","publisher":{"@id":"https:\/\/www.museodelapaz.eus\/eu\/#organization"},"potentialAction":[{"@type":"SearchAction","target":{"@type":"EntryPoint","urlTemplate":"https:\/\/www.museodelapaz.eus\/eu\/?s={search_term_string}"},"query-input":{"@type":"PropertyValueSpecification","valueRequired":true,"valueName":"search_term_string"}}],"inLanguage":"eu-ES"},{"@type":"Organization","@id":"https:\/\/www.museodelapaz.eus\/eu\/#organization","name":"Museo de la Paz de Gernika","url":"https:\/\/www.museodelapaz.eus\/eu\/","logo":{"@type":"ImageObject","inLanguage":"eu-ES","@id":"https:\/\/www.museodelapaz.eus\/eu\/#\/schema\/logo\/image\/","url":"https:\/\/www.museodelapaz.eus\/wp-content\/uploads\/2024\/05\/logo-museo-de-la-paz-gernika-h-1.svg","contentUrl":"https:\/\/www.museodelapaz.eus\/wp-content\/uploads\/2024\/05\/logo-museo-de-la-paz-gernika-h-1.svg","caption":"Museo de la Paz de Gernika"},"image":{"@id":"https:\/\/www.museodelapaz.eus\/eu\/#\/schema\/logo\/image\/"}}]}},"_links":{"self":[{"href":"https:\/\/www.museodelapaz.eus\/eu\/wp-json\/wp\/v2\/documento\/25013","targetHints":{"allow":["GET"]}}],"collection":[{"href":"https:\/\/www.museodelapaz.eus\/eu\/wp-json\/wp\/v2\/documento"}],"about":[{"href":"https:\/\/www.museodelapaz.eus\/eu\/wp-json\/wp\/v2\/types\/documento"}],"wp:attachment":[{"href":"https:\/\/www.museodelapaz.eus\/eu\/wp-json\/wp\/v2\/media?parent=25013"}],"wp:term":[{"taxonomy":"descriptor","embeddable":true,"href":"https:\/\/www.museodelapaz.eus\/eu\/wp-json\/wp\/v2\/descriptor?post=25013"},{"taxonomy":"tipo-de-documento","embeddable":true,"href":"https:\/\/www.museodelapaz.eus\/eu\/wp-json\/wp\/v2\/tipo-de-documento?post=25013"}],"curies":[{"name":"wp","href":"https:\/\/api.w.org\/{rel}","templated":true}]}}

&#8221;Dans une proclamation pathetique le gouvernement de Bilbao dénonce la barbarie hitlérienne. Spectacles d&#8217; horreur dans Guernica anéantie. Lire dans la troisième page le récit de notre envoyé special Mathieu Corman&#8221;

<!-- This site is optimized with the Yoast SEO plugin v27.5 - https://yoast.com/product/yoast-seo-wordpress/ -->
<title>&#039;&#039;Dans une proclamation pathetique le gouvernement de Bilbao dénonce la barbarie hitlérienne. Spectacles d&#039; horreur dans Guernica anéantie. Lire dans la troisième page le récit de notre envoyé special Mathieu Corman&#039;&#039; - Museo de la Paz de Gernika</title>
<meta name="robots" content="index, follow, max-snippet:-1, max-image-preview:large, max-video-preview:-1" />
<link rel="canonical" href="https://www.museodelapaz.eus/eu/documento/dans-une-proclamation-pathetique-le-gouvernement-de-bilbao-denonce-la-barbarie-hitlerienne-spectacles-d-horreur-dans-guernica-aneantie-lire-dans-la-troisieme-page-le-recit-de-notre-envoye-special/" />
<meta property="og:locale" content="eu_ES" />
<meta property="og:type" content="article" />
<meta property="og:title" content="&#039;&#039;Dans une proclamation pathetique le gouvernement de Bilbao dénonce la barbarie hitlérienne. Spectacles d&#039; horreur dans Guernica anéantie. Lire dans la troisième page le récit de notre envoyé special Mathieu Corman&#039;&#039; - Museo de la Paz de Gernika" />
<meta property="og:url" content="https://www.museodelapaz.eus/eu/documento/dans-une-proclamation-pathetique-le-gouvernement-de-bilbao-denonce-la-barbarie-hitlerienne-spectacles-d-horreur-dans-guernica-aneantie-lire-dans-la-troisieme-page-le-recit-de-notre-envoye-special/" />
<meta property="og:site_name" content="Museo de la Paz de Gernika" />
<meta property="article:modified_time" content="2025-11-21T11:11:02+00:00" />
<meta name="twitter:card" content="summary_large_image" />
<script type="application/ld+json" class="yoast-schema-graph">{"@context":"https:\/\/schema.org","@graph":[{"@type":"WebPage","@id":"https:\/\/www.museodelapaz.eus\/eu\/documento\/dans-une-proclamation-pathetique-le-gouvernement-de-bilbao-denonce-la-barbarie-hitlerienne-spectacles-d-horreur-dans-guernica-aneantie-lire-dans-la-troisieme-page-le-recit-de-notre-envoye-special\/","url":"https:\/\/www.museodelapaz.eus\/eu\/documento\/dans-une-proclamation-pathetique-le-gouvernement-de-bilbao-denonce-la-barbarie-hitlerienne-spectacles-d-horreur-dans-guernica-aneantie-lire-dans-la-troisieme-page-le-recit-de-notre-envoye-special\/","name":"''Dans une proclamation pathetique le gouvernement de Bilbao dénonce la barbarie hitlérienne. Spectacles d' horreur dans Guernica anéantie. Lire dans la troisième page le récit de notre envoyé special Mathieu Corman'' - Museo de la Paz de Gernika","isPartOf":{"@id":"https:\/\/www.museodelapaz.eus\/eu\/#website"},"datePublished":"2025-10-15T15:14:39+00:00","dateModified":"2025-11-21T11:11:02+00:00","breadcrumb":{"@id":"https:\/\/www.museodelapaz.eus\/eu\/documento\/dans-une-proclamation-pathetique-le-gouvernement-de-bilbao-denonce-la-barbarie-hitlerienne-spectacles-d-horreur-dans-guernica-aneantie-lire-dans-la-troisieme-page-le-recit-de-notre-envoye-special\/#breadcrumb"},"inLanguage":"eu-ES","potentialAction":[{"@type":"ReadAction","target":["https:\/\/www.museodelapaz.eus\/eu\/documento\/dans-une-proclamation-pathetique-le-gouvernement-de-bilbao-denonce-la-barbarie-hitlerienne-spectacles-d-horreur-dans-guernica-aneantie-lire-dans-la-troisieme-page-le-recit-de-notre-envoye-special\/"]}]},{"@type":"BreadcrumbList","@id":"https:\/\/www.museodelapaz.eus\/eu\/documento\/dans-une-proclamation-pathetique-le-gouvernement-de-bilbao-denonce-la-barbarie-hitlerienne-spectacles-d-horreur-dans-guernica-aneantie-lire-dans-la-troisieme-page-le-recit-de-notre-envoye-special\/#breadcrumb","itemListElement":[{"@type":"ListItem","position":1,"name":"Portada","item":"https:\/\/www.museodelapaz.eus\/eu\/hasierako-orria\/"},{"@type":"ListItem","position":2,"name":"&#8221;Dans une proclamation pathetique le gouvernement de Bilbao dénonce la barbarie hitlérienne. Spectacles d&#8217; horreur dans Guernica anéantie. Lire dans la troisième page le récit de notre envoyé special Mathieu Corman&#8221;"}]},{"@type":"WebSite","@id":"https:\/\/www.museodelapaz.eus\/eu\/#website","url":"https:\/\/www.museodelapaz.eus\/eu\/","name":"Museo de la Paz de Gernika","description":"","publisher":{"@id":"https:\/\/www.museodelapaz.eus\/eu\/#organization"},"potentialAction":[{"@type":"SearchAction","target":{"@type":"EntryPoint","urlTemplate":"https:\/\/www.museodelapaz.eus\/eu\/?s={search_term_string}"},"query-input":{"@type":"PropertyValueSpecification","valueRequired":true,"valueName":"search_term_string"}}],"inLanguage":"eu-ES"},{"@type":"Organization","@id":"https:\/\/www.museodelapaz.eus\/eu\/#organization","name":"Museo de la Paz de Gernika","url":"https:\/\/www.museodelapaz.eus\/eu\/","logo":{"@type":"ImageObject","inLanguage":"eu-ES","@id":"https:\/\/www.museodelapaz.eus\/eu\/#\/schema\/logo\/image\/","url":"https:\/\/www.museodelapaz.eus\/wp-content\/uploads\/2024\/05\/logo-museo-de-la-paz-gernika-h-1.svg","contentUrl":"https:\/\/www.museodelapaz.eus\/wp-content\/uploads\/2024\/05\/logo-museo-de-la-paz-gernika-h-1.svg","caption":"Museo de la Paz de Gernika"},"image":{"@id":"https:\/\/www.museodelapaz.eus\/eu\/#\/schema\/logo\/image\/"}}]}</script>
<!-- / Yoast SEO plugin. -->

''Dans une proclamation pathetique le gouvernement de Bilbao dénonce la barbarie hitlérienne. Spectacles d' horreur dans Guernica anéantie. Lire dans la troisième page le récit de notre envoyé special Mathieu Corman'' - Museo de la Paz de Gernika
