{"id":18616,"date":"2025-10-15T17:03:39","date_gmt":"2025-10-15T15:03:39","guid":{"rendered":"https:\/\/www.museodelapaz.eus\/documento\/requetes-en-navarra-antes-del-alzamiento-textos-y-articulos-del-semanario-de-pamplona-a-e-t-breve-resena-de-la-organizacion-y-funcionamiento-del-requete-ordenes-documentos\/"},"modified":"2025-11-21T11:57:40","modified_gmt":"2025-11-21T10:57:40","slug":"requetes-en-navarra-antes-del-alzamiento-textos-y-articulos-del-semanario-de-pamplona-a-e-t-breve-resena-de-la-organizacion-y-funcionamiento-del-requete-ordenes-documentos","status":"publish","type":"documento","link":"https:\/\/www.museodelapaz.eus\/eu\/documento\/requetes-en-navarra-antes-del-alzamiento-textos-y-articulos-del-semanario-de-pamplona-a-e-t-breve-resena-de-la-organizacion-y-funcionamiento-del-requete-ordenes-documentos\/","title":{"rendered":"Requetes en Navarra antes del alzamiento: (Textos y art\u00edculos del semanario de Pamplona a.e.t..- Breve rese\u00f1a de la organizaci\u00f3n y funcionamiento del Requet\u00e9.- \u00d3rdenes.- Documentos.)"},"content":{"rendered":"","protected":false},"featured_media":0,"menu_order":0,"template":"","meta":{"_acf_changed":false,"inline_featured_image":false},"descriptor":[1600],"tipo-de-documento":[266],"class_list":["post-18616","documento","type-documento","status-publish","hentry","descriptor-guerra-civil-carlismo-estudios-y-conferencias-requetes","tipo-de-documento-monografia-mon"],"acf":[],"yoast_head":"<!-- This site is optimized with the Yoast SEO plugin v27.5 - https:\/\/yoast.com\/product\/yoast-seo-wordpress\/ -->\n<title>Requetes en Navarra antes del alzamiento: (Textos y art\u00edculos del semanario de Pamplona a.e.t..- Breve rese\u00f1a de la organizaci\u00f3n y funcionamiento del Requet\u00e9.- \u00d3rdenes.- Documentos.) - Museo de la Paz de Gernika<\/title>\n<meta name=\"robots\" content=\"index, follow, max-snippet:-1, max-image-preview:large, max-video-preview:-1\" \/>\n<link rel=\"canonical\" href=\"https:\/\/www.museodelapaz.eus\/eu\/documento\/requetes-en-navarra-antes-del-alzamiento-textos-y-articulos-del-semanario-de-pamplona-a-e-t-breve-resena-de-la-organizacion-y-funcionamiento-del-requete-ordenes-documentos\/\" \/>\n<meta property=\"og:locale\" content=\"eu_ES\" \/>\n<meta property=\"og:type\" content=\"article\" \/>\n<meta property=\"og:title\" content=\"Requetes en Navarra antes del alzamiento: (Textos y art\u00edculos del semanario de Pamplona a.e.t..- Breve rese\u00f1a de la organizaci\u00f3n y funcionamiento del Requet\u00e9.- \u00d3rdenes.- Documentos.) - Museo de la Paz de Gernika\" \/>\n<meta property=\"og:url\" content=\"https:\/\/www.museodelapaz.eus\/eu\/documento\/requetes-en-navarra-antes-del-alzamiento-textos-y-articulos-del-semanario-de-pamplona-a-e-t-breve-resena-de-la-organizacion-y-funcionamiento-del-requete-ordenes-documentos\/\" \/>\n<meta property=\"og:site_name\" content=\"Museo de la Paz de Gernika\" \/>\n<meta property=\"article:modified_time\" content=\"2025-11-21T10:57:40+00:00\" \/>\n<meta name=\"twitter:card\" content=\"summary_large_image\" \/>\n<script type=\"application\/ld+json\" class=\"yoast-schema-graph\">{\"@context\":\"https:\\\/\\\/schema.org\",\"@graph\":[{\"@type\":\"WebPage\",\"@id\":\"https:\\\/\\\/www.museodelapaz.eus\\\/eu\\\/documento\\\/requetes-en-navarra-antes-del-alzamiento-textos-y-articulos-del-semanario-de-pamplona-a-e-t-breve-resena-de-la-organizacion-y-funcionamiento-del-requete-ordenes-documentos\\\/\",\"url\":\"https:\\\/\\\/www.museodelapaz.eus\\\/eu\\\/documento\\\/requetes-en-navarra-antes-del-alzamiento-textos-y-articulos-del-semanario-de-pamplona-a-e-t-breve-resena-de-la-organizacion-y-funcionamiento-del-requete-ordenes-documentos\\\/\",\"name\":\"Requetes en Navarra antes del alzamiento: (Textos y art\u00edculos del semanario de Pamplona a.e.t..- Breve rese\u00f1a de la organizaci\u00f3n y funcionamiento del Requet\u00e9.- \u00d3rdenes.- Documentos.) - Museo de la Paz de Gernika\",\"isPartOf\":{\"@id\":\"https:\\\/\\\/www.museodelapaz.eus\\\/eu\\\/#website\"},\"datePublished\":\"2025-10-15T15:03:39+00:00\",\"dateModified\":\"2025-11-21T10:57:40+00:00\",\"breadcrumb\":{\"@id\":\"https:\\\/\\\/www.museodelapaz.eus\\\/eu\\\/documento\\\/requetes-en-navarra-antes-del-alzamiento-textos-y-articulos-del-semanario-de-pamplona-a-e-t-breve-resena-de-la-organizacion-y-funcionamiento-del-requete-ordenes-documentos\\\/#breadcrumb\"},\"inLanguage\":\"eu-ES\",\"potentialAction\":[{\"@type\":\"ReadAction\",\"target\":[\"https:\\\/\\\/www.museodelapaz.eus\\\/eu\\\/documento\\\/requetes-en-navarra-antes-del-alzamiento-textos-y-articulos-del-semanario-de-pamplona-a-e-t-breve-resena-de-la-organizacion-y-funcionamiento-del-requete-ordenes-documentos\\\/\"]}]},{\"@type\":\"BreadcrumbList\",\"@id\":\"https:\\\/\\\/www.museodelapaz.eus\\\/eu\\\/documento\\\/requetes-en-navarra-antes-del-alzamiento-textos-y-articulos-del-semanario-de-pamplona-a-e-t-breve-resena-de-la-organizacion-y-funcionamiento-del-requete-ordenes-documentos\\\/#breadcrumb\",\"itemListElement\":[{\"@type\":\"ListItem\",\"position\":1,\"name\":\"Portada\",\"item\":\"https:\\\/\\\/www.museodelapaz.eus\\\/eu\\\/hasierako-orria\\\/\"},{\"@type\":\"ListItem\",\"position\":2,\"name\":\"Requetes en Navarra antes del alzamiento: (Textos y art\u00edculos del semanario de Pamplona a.e.t..- Breve rese\u00f1a de la organizaci\u00f3n y funcionamiento del Requet\u00e9.- \u00d3rdenes.- Documentos.)\"}]},{\"@type\":\"WebSite\",\"@id\":\"https:\\\/\\\/www.museodelapaz.eus\\\/eu\\\/#website\",\"url\":\"https:\\\/\\\/www.museodelapaz.eus\\\/eu\\\/\",\"name\":\"Museo de la Paz de Gernika\",\"description\":\"\",\"publisher\":{\"@id\":\"https:\\\/\\\/www.museodelapaz.eus\\\/eu\\\/#organization\"},\"potentialAction\":[{\"@type\":\"SearchAction\",\"target\":{\"@type\":\"EntryPoint\",\"urlTemplate\":\"https:\\\/\\\/www.museodelapaz.eus\\\/eu\\\/?s={search_term_string}\"},\"query-input\":{\"@type\":\"PropertyValueSpecification\",\"valueRequired\":true,\"valueName\":\"search_term_string\"}}],\"inLanguage\":\"eu-ES\"},{\"@type\":\"Organization\",\"@id\":\"https:\\\/\\\/www.museodelapaz.eus\\\/eu\\\/#organization\",\"name\":\"Museo de la Paz de Gernika\",\"url\":\"https:\\\/\\\/www.museodelapaz.eus\\\/eu\\\/\",\"logo\":{\"@type\":\"ImageObject\",\"inLanguage\":\"eu-ES\",\"@id\":\"https:\\\/\\\/www.museodelapaz.eus\\\/eu\\\/#\\\/schema\\\/logo\\\/image\\\/\",\"url\":\"https:\\\/\\\/www.museodelapaz.eus\\\/wp-content\\\/uploads\\\/2024\\\/05\\\/logo-museo-de-la-paz-gernika-h-1.svg\",\"contentUrl\":\"https:\\\/\\\/www.museodelapaz.eus\\\/wp-content\\\/uploads\\\/2024\\\/05\\\/logo-museo-de-la-paz-gernika-h-1.svg\",\"caption\":\"Museo de la Paz de Gernika\"},\"image\":{\"@id\":\"https:\\\/\\\/www.museodelapaz.eus\\\/eu\\\/#\\\/schema\\\/logo\\\/image\\\/\"}}]}<\/script>\n<!-- \/ Yoast SEO plugin. -->","yoast_head_json":{"title":"Requetes en Navarra antes del alzamiento: (Textos y art\u00edculos del semanario de Pamplona a.e.t..- Breve rese\u00f1a de la organizaci\u00f3n y funcionamiento del Requet\u00e9.- \u00d3rdenes.- Documentos.) - Museo de la Paz de Gernika","robots":{"index":"index","follow":"follow","max-snippet":"max-snippet:-1","max-image-preview":"max-image-preview:large","max-video-preview":"max-video-preview:-1"},"canonical":"https:\/\/www.museodelapaz.eus\/eu\/documento\/requetes-en-navarra-antes-del-alzamiento-textos-y-articulos-del-semanario-de-pamplona-a-e-t-breve-resena-de-la-organizacion-y-funcionamiento-del-requete-ordenes-documentos\/","og_locale":"eu_ES","og_type":"article","og_title":"Requetes en Navarra antes del alzamiento: (Textos y art\u00edculos del semanario de Pamplona a.e.t..- Breve rese\u00f1a de la organizaci\u00f3n y funcionamiento del Requet\u00e9.- \u00d3rdenes.- Documentos.) - Museo de la Paz de Gernika","og_url":"https:\/\/www.museodelapaz.eus\/eu\/documento\/requetes-en-navarra-antes-del-alzamiento-textos-y-articulos-del-semanario-de-pamplona-a-e-t-breve-resena-de-la-organizacion-y-funcionamiento-del-requete-ordenes-documentos\/","og_site_name":"Museo de la Paz de Gernika","article_modified_time":"2025-11-21T10:57:40+00:00","twitter_card":"summary_large_image","schema":{"@context":"https:\/\/schema.org","@graph":[{"@type":"WebPage","@id":"https:\/\/www.museodelapaz.eus\/eu\/documento\/requetes-en-navarra-antes-del-alzamiento-textos-y-articulos-del-semanario-de-pamplona-a-e-t-breve-resena-de-la-organizacion-y-funcionamiento-del-requete-ordenes-documentos\/","url":"https:\/\/www.museodelapaz.eus\/eu\/documento\/requetes-en-navarra-antes-del-alzamiento-textos-y-articulos-del-semanario-de-pamplona-a-e-t-breve-resena-de-la-organizacion-y-funcionamiento-del-requete-ordenes-documentos\/","name":"Requetes en Navarra antes del alzamiento: (Textos y art\u00edculos del semanario de Pamplona a.e.t..- Breve rese\u00f1a de la organizaci\u00f3n y funcionamiento del Requet\u00e9.- \u00d3rdenes.- Documentos.) - Museo de la Paz de Gernika","isPartOf":{"@id":"https:\/\/www.museodelapaz.eus\/eu\/#website"},"datePublished":"2025-10-15T15:03:39+00:00","dateModified":"2025-11-21T10:57:40+00:00","breadcrumb":{"@id":"https:\/\/www.museodelapaz.eus\/eu\/documento\/requetes-en-navarra-antes-del-alzamiento-textos-y-articulos-del-semanario-de-pamplona-a-e-t-breve-resena-de-la-organizacion-y-funcionamiento-del-requete-ordenes-documentos\/#breadcrumb"},"inLanguage":"eu-ES","potentialAction":[{"@type":"ReadAction","target":["https:\/\/www.museodelapaz.eus\/eu\/documento\/requetes-en-navarra-antes-del-alzamiento-textos-y-articulos-del-semanario-de-pamplona-a-e-t-breve-resena-de-la-organizacion-y-funcionamiento-del-requete-ordenes-documentos\/"]}]},{"@type":"BreadcrumbList","@id":"https:\/\/www.museodelapaz.eus\/eu\/documento\/requetes-en-navarra-antes-del-alzamiento-textos-y-articulos-del-semanario-de-pamplona-a-e-t-breve-resena-de-la-organizacion-y-funcionamiento-del-requete-ordenes-documentos\/#breadcrumb","itemListElement":[{"@type":"ListItem","position":1,"name":"Portada","item":"https:\/\/www.museodelapaz.eus\/eu\/hasierako-orria\/"},{"@type":"ListItem","position":2,"name":"Requetes en Navarra antes del alzamiento: (Textos y art\u00edculos del semanario de Pamplona a.e.t..- Breve rese\u00f1a de la organizaci\u00f3n y funcionamiento del Requet\u00e9.- \u00d3rdenes.- Documentos.)"}]},{"@type":"WebSite","@id":"https:\/\/www.museodelapaz.eus\/eu\/#website","url":"https:\/\/www.museodelapaz.eus\/eu\/","name":"Museo de la Paz de Gernika","description":"","publisher":{"@id":"https:\/\/www.museodelapaz.eus\/eu\/#organization"},"potentialAction":[{"@type":"SearchAction","target":{"@type":"EntryPoint","urlTemplate":"https:\/\/www.museodelapaz.eus\/eu\/?s={search_term_string}"},"query-input":{"@type":"PropertyValueSpecification","valueRequired":true,"valueName":"search_term_string"}}],"inLanguage":"eu-ES"},{"@type":"Organization","@id":"https:\/\/www.museodelapaz.eus\/eu\/#organization","name":"Museo de la Paz de Gernika","url":"https:\/\/www.museodelapaz.eus\/eu\/","logo":{"@type":"ImageObject","inLanguage":"eu-ES","@id":"https:\/\/www.museodelapaz.eus\/eu\/#\/schema\/logo\/image\/","url":"https:\/\/www.museodelapaz.eus\/wp-content\/uploads\/2024\/05\/logo-museo-de-la-paz-gernika-h-1.svg","contentUrl":"https:\/\/www.museodelapaz.eus\/wp-content\/uploads\/2024\/05\/logo-museo-de-la-paz-gernika-h-1.svg","caption":"Museo de la Paz de Gernika"},"image":{"@id":"https:\/\/www.museodelapaz.eus\/eu\/#\/schema\/logo\/image\/"}}]}},"_links":{"self":[{"href":"https:\/\/www.museodelapaz.eus\/eu\/wp-json\/wp\/v2\/documento\/18616","targetHints":{"allow":["GET"]}}],"collection":[{"href":"https:\/\/www.museodelapaz.eus\/eu\/wp-json\/wp\/v2\/documento"}],"about":[{"href":"https:\/\/www.museodelapaz.eus\/eu\/wp-json\/wp\/v2\/types\/documento"}],"wp:attachment":[{"href":"https:\/\/www.museodelapaz.eus\/eu\/wp-json\/wp\/v2\/media?parent=18616"}],"wp:term":[{"taxonomy":"descriptor","embeddable":true,"href":"https:\/\/www.museodelapaz.eus\/eu\/wp-json\/wp\/v2\/descriptor?post=18616"},{"taxonomy":"tipo-de-documento","embeddable":true,"href":"https:\/\/www.museodelapaz.eus\/eu\/wp-json\/wp\/v2\/tipo-de-documento?post=18616"}],"curies":[{"name":"wp","href":"https:\/\/api.w.org\/{rel}","templated":true}]}}

Requetes en Navarra antes del alzamiento: (Textos y artículos del semanario de Pamplona a.e.t..- Breve reseña de la organización y funcionamiento del Requeté.- Órdenes.- Documentos.)

<!-- This site is optimized with the Yoast SEO plugin v27.5 - https://yoast.com/product/yoast-seo-wordpress/ -->
<title>Requetes en Navarra antes del alzamiento: (Textos y artículos del semanario de Pamplona a.e.t..- Breve reseña de la organización y funcionamiento del Requeté.- Órdenes.- Documentos.) - Museo de la Paz de Gernika</title>
<meta name="robots" content="index, follow, max-snippet:-1, max-image-preview:large, max-video-preview:-1" />
<link rel="canonical" href="https://www.museodelapaz.eus/eu/documento/requetes-en-navarra-antes-del-alzamiento-textos-y-articulos-del-semanario-de-pamplona-a-e-t-breve-resena-de-la-organizacion-y-funcionamiento-del-requete-ordenes-documentos/" />
<meta property="og:locale" content="eu_ES" />
<meta property="og:type" content="article" />
<meta property="og:title" content="Requetes en Navarra antes del alzamiento: (Textos y artículos del semanario de Pamplona a.e.t..- Breve reseña de la organización y funcionamiento del Requeté.- Órdenes.- Documentos.) - Museo de la Paz de Gernika" />
<meta property="og:url" content="https://www.museodelapaz.eus/eu/documento/requetes-en-navarra-antes-del-alzamiento-textos-y-articulos-del-semanario-de-pamplona-a-e-t-breve-resena-de-la-organizacion-y-funcionamiento-del-requete-ordenes-documentos/" />
<meta property="og:site_name" content="Museo de la Paz de Gernika" />
<meta property="article:modified_time" content="2025-11-21T10:57:40+00:00" />
<meta name="twitter:card" content="summary_large_image" />
<script type="application/ld+json" class="yoast-schema-graph">{"@context":"https:\/\/schema.org","@graph":[{"@type":"WebPage","@id":"https:\/\/www.museodelapaz.eus\/eu\/documento\/requetes-en-navarra-antes-del-alzamiento-textos-y-articulos-del-semanario-de-pamplona-a-e-t-breve-resena-de-la-organizacion-y-funcionamiento-del-requete-ordenes-documentos\/","url":"https:\/\/www.museodelapaz.eus\/eu\/documento\/requetes-en-navarra-antes-del-alzamiento-textos-y-articulos-del-semanario-de-pamplona-a-e-t-breve-resena-de-la-organizacion-y-funcionamiento-del-requete-ordenes-documentos\/","name":"Requetes en Navarra antes del alzamiento: (Textos y artículos del semanario de Pamplona a.e.t..- Breve reseña de la organización y funcionamiento del Requeté.- Órdenes.- Documentos.) - Museo de la Paz de Gernika","isPartOf":{"@id":"https:\/\/www.museodelapaz.eus\/eu\/#website"},"datePublished":"2025-10-15T15:03:39+00:00","dateModified":"2025-11-21T10:57:40+00:00","breadcrumb":{"@id":"https:\/\/www.museodelapaz.eus\/eu\/documento\/requetes-en-navarra-antes-del-alzamiento-textos-y-articulos-del-semanario-de-pamplona-a-e-t-breve-resena-de-la-organizacion-y-funcionamiento-del-requete-ordenes-documentos\/#breadcrumb"},"inLanguage":"eu-ES","potentialAction":[{"@type":"ReadAction","target":["https:\/\/www.museodelapaz.eus\/eu\/documento\/requetes-en-navarra-antes-del-alzamiento-textos-y-articulos-del-semanario-de-pamplona-a-e-t-breve-resena-de-la-organizacion-y-funcionamiento-del-requete-ordenes-documentos\/"]}]},{"@type":"BreadcrumbList","@id":"https:\/\/www.museodelapaz.eus\/eu\/documento\/requetes-en-navarra-antes-del-alzamiento-textos-y-articulos-del-semanario-de-pamplona-a-e-t-breve-resena-de-la-organizacion-y-funcionamiento-del-requete-ordenes-documentos\/#breadcrumb","itemListElement":[{"@type":"ListItem","position":1,"name":"Portada","item":"https:\/\/www.museodelapaz.eus\/eu\/hasierako-orria\/"},{"@type":"ListItem","position":2,"name":"Requetes en Navarra antes del alzamiento: (Textos y artículos del semanario de Pamplona a.e.t..- Breve reseña de la organización y funcionamiento del Requeté.- Órdenes.- Documentos.)"}]},{"@type":"WebSite","@id":"https:\/\/www.museodelapaz.eus\/eu\/#website","url":"https:\/\/www.museodelapaz.eus\/eu\/","name":"Museo de la Paz de Gernika","description":"","publisher":{"@id":"https:\/\/www.museodelapaz.eus\/eu\/#organization"},"potentialAction":[{"@type":"SearchAction","target":{"@type":"EntryPoint","urlTemplate":"https:\/\/www.museodelapaz.eus\/eu\/?s={search_term_string}"},"query-input":{"@type":"PropertyValueSpecification","valueRequired":true,"valueName":"search_term_string"}}],"inLanguage":"eu-ES"},{"@type":"Organization","@id":"https:\/\/www.museodelapaz.eus\/eu\/#organization","name":"Museo de la Paz de Gernika","url":"https:\/\/www.museodelapaz.eus\/eu\/","logo":{"@type":"ImageObject","inLanguage":"eu-ES","@id":"https:\/\/www.museodelapaz.eus\/eu\/#\/schema\/logo\/image\/","url":"https:\/\/www.museodelapaz.eus\/wp-content\/uploads\/2024\/05\/logo-museo-de-la-paz-gernika-h-1.svg","contentUrl":"https:\/\/www.museodelapaz.eus\/wp-content\/uploads\/2024\/05\/logo-museo-de-la-paz-gernika-h-1.svg","caption":"Museo de la Paz de Gernika"},"image":{"@id":"https:\/\/www.museodelapaz.eus\/eu\/#\/schema\/logo\/image\/"}}]}</script>
<!-- / Yoast SEO plugin. -->

Requetes en Navarra antes del alzamiento: (Textos y artículos del semanario de Pamplona a.e.t..- Breve reseña de la organización y funcionamiento del Requeté.- Órdenes.- Documentos.) - Museo de la Paz de Gernika
