{"id":27569,"date":"2018-06-24T03:58:38","date_gmt":"2018-06-24T01:58:38","guid":{"rendered":"https:\/\/www.museodelapaz.eus\/actividad\/itsasoratze-artibistaren-1-edizioa-bilaketa-ilbantzen\/"},"modified":"2026-04-24T10:13:27","modified_gmt":"2026-04-24T08:13:27","slug":"itsasoratze-artibistaren-1-edizioa-bilaketa-ilbantzen","status":"publish","type":"actividad","link":"https:\/\/www.museodelapaz.eus\/eu\/ekintza\/itsasoratze-artibistaren-1-edizioa-bilaketa-ilbantzen\/","title":{"rendered":"Itsasoratze Artibistaren 1. edizioa. Bilaketa ilbantzen"},"content":{"rendered":"","protected":false},"excerpt":{"rendered":"<p>BAKEA JOSIZ: Gatazka, Arpillerak, Memoria aldi baterako erakusketaren irekiera dela antolatutako lan ekitaldia.<br \/>\nEste seminario ser\u00e1 abordado desde diferentes disciplinas (psicol\u00f3gica, social, cultural\u2026) y teniendo como centro la exposici\u00f3n de arpilleras y otros textiles que dan testimonio, act\u00faan como resistencia, denuncia, vivencia y documentaci\u00f3n de violaciones a los derechos humanos en situaciones de conflicto.<\/p>\n","protected":false},"featured_media":27544,"menu_order":0,"template":"","meta":{"_acf_changed":false,"inline_featured_image":false},"categoria-actividad":[130],"tema":[124],"tipo-actividad":[125,230],"class_list":["post-27569","actividad","type-actividad","status-publish","has-post-thumbnail","hentry","categoria-actividad-gernikako-bakearen-museoa","tema-kongresuak","tipo-actividad-aldi-baterako-kongresua","tipo-actividad-kongresuak"],"acf":[],"yoast_head":"<!-- This site is optimized with the Yoast SEO plugin v27.5 - https:\/\/yoast.com\/product\/yoast-seo-wordpress\/ -->\n<title>Itsasoratze Artibistaren 1. edizioa. Bilaketa ilbantzen - Museo de la Paz de Gernika<\/title>\n<meta name=\"robots\" content=\"index, follow, max-snippet:-1, max-image-preview:large, max-video-preview:-1\" \/>\n<link rel=\"canonical\" href=\"https:\/\/www.museodelapaz.eus\/eu\/ekintza\/itsasoratze-artibistaren-1-edizioa-bilaketa-ilbantzen\/\" \/>\n<meta property=\"og:locale\" content=\"eu_ES\" \/>\n<meta property=\"og:type\" content=\"article\" \/>\n<meta property=\"og:title\" content=\"Itsasoratze Artibistaren 1. edizioa. Bilaketa ilbantzen - Museo de la Paz de Gernika\" \/>\n<meta property=\"og:description\" content=\"BAKEA JOSIZ: Gatazka, Arpillerak, Memoria aldi baterako erakusketaren irekiera dela antolatutako lan ekitaldia. Este seminario ser\u00e1 abordado desde diferentes disciplinas (psicol\u00f3gica, social, cultural\u2026) y teniendo como centro la exposici\u00f3n de arpilleras y otros textiles que dan testimonio, act\u00faan como resistencia, denuncia, vivencia y documentaci\u00f3n de violaciones a los derechos humanos en situaciones de conflicto.\" \/>\n<meta property=\"og:url\" content=\"https:\/\/www.museodelapaz.eus\/eu\/ekintza\/itsasoratze-artibistaren-1-edizioa-bilaketa-ilbantzen\/\" \/>\n<meta property=\"og:site_name\" content=\"Museo de la Paz de Gernika\" \/>\n<meta property=\"article:modified_time\" content=\"2026-04-24T08:13:27+00:00\" \/>\n<meta property=\"og:image\" content=\"https:\/\/www.museodelapaz.eus\/wp-content\/uploads\/2018\/06\/IMG_9816a.jpg\" \/>\n\t<meta property=\"og:image:width\" content=\"1500\" \/>\n\t<meta property=\"og:image:height\" content=\"1000\" \/>\n\t<meta property=\"og:image:type\" content=\"image\/jpeg\" \/>\n<meta name=\"twitter:card\" content=\"summary_large_image\" \/>\n<script type=\"application\/ld+json\" class=\"yoast-schema-graph\">{\"@context\":\"https:\\\/\\\/schema.org\",\"@graph\":[{\"@type\":\"WebPage\",\"@id\":\"https:\\\/\\\/www.museodelapaz.eus\\\/eu\\\/ekintza\\\/itsasoratze-artibistaren-1-edizioa-bilaketa-ilbantzen\\\/\",\"url\":\"https:\\\/\\\/www.museodelapaz.eus\\\/eu\\\/ekintza\\\/itsasoratze-artibistaren-1-edizioa-bilaketa-ilbantzen\\\/\",\"name\":\"Itsasoratze Artibistaren 1. edizioa. Bilaketa ilbantzen - Museo de la Paz de Gernika\",\"isPartOf\":{\"@id\":\"https:\\\/\\\/www.museodelapaz.eus\\\/eu\\\/#website\"},\"primaryImageOfPage\":{\"@id\":\"https:\\\/\\\/www.museodelapaz.eus\\\/eu\\\/ekintza\\\/itsasoratze-artibistaren-1-edizioa-bilaketa-ilbantzen\\\/#primaryimage\"},\"image\":{\"@id\":\"https:\\\/\\\/www.museodelapaz.eus\\\/eu\\\/ekintza\\\/itsasoratze-artibistaren-1-edizioa-bilaketa-ilbantzen\\\/#primaryimage\"},\"thumbnailUrl\":\"https:\\\/\\\/www.museodelapaz.eus\\\/wp-content\\\/uploads\\\/2018\\\/06\\\/IMG_9816a.jpg\",\"datePublished\":\"2018-06-24T01:58:38+00:00\",\"dateModified\":\"2026-04-24T08:13:27+00:00\",\"breadcrumb\":{\"@id\":\"https:\\\/\\\/www.museodelapaz.eus\\\/eu\\\/ekintza\\\/itsasoratze-artibistaren-1-edizioa-bilaketa-ilbantzen\\\/#breadcrumb\"},\"inLanguage\":\"eu-ES\",\"potentialAction\":[{\"@type\":\"ReadAction\",\"target\":[\"https:\\\/\\\/www.museodelapaz.eus\\\/eu\\\/ekintza\\\/itsasoratze-artibistaren-1-edizioa-bilaketa-ilbantzen\\\/\"]}]},{\"@type\":\"ImageObject\",\"inLanguage\":\"eu-ES\",\"@id\":\"https:\\\/\\\/www.museodelapaz.eus\\\/eu\\\/ekintza\\\/itsasoratze-artibistaren-1-edizioa-bilaketa-ilbantzen\\\/#primaryimage\",\"url\":\"https:\\\/\\\/www.museodelapaz.eus\\\/wp-content\\\/uploads\\\/2018\\\/06\\\/IMG_9816a.jpg\",\"contentUrl\":\"https:\\\/\\\/www.museodelapaz.eus\\\/wp-content\\\/uploads\\\/2018\\\/06\\\/IMG_9816a.jpg\",\"width\":1500,\"height\":1000},{\"@type\":\"BreadcrumbList\",\"@id\":\"https:\\\/\\\/www.museodelapaz.eus\\\/eu\\\/ekintza\\\/itsasoratze-artibistaren-1-edizioa-bilaketa-ilbantzen\\\/#breadcrumb\",\"itemListElement\":[{\"@type\":\"ListItem\",\"position\":1,\"name\":\"Portada\",\"item\":\"https:\\\/\\\/www.museodelapaz.eus\\\/eu\\\/hasierako-orria\\\/\"},{\"@type\":\"ListItem\",\"position\":2,\"name\":\"Itsasoratze Artibistaren 1. edizioa. Bilaketa ilbantzen\"}]},{\"@type\":\"WebSite\",\"@id\":\"https:\\\/\\\/www.museodelapaz.eus\\\/eu\\\/#website\",\"url\":\"https:\\\/\\\/www.museodelapaz.eus\\\/eu\\\/\",\"name\":\"Museo de la Paz de Gernika\",\"description\":\"\",\"publisher\":{\"@id\":\"https:\\\/\\\/www.museodelapaz.eus\\\/eu\\\/#organization\"},\"potentialAction\":[{\"@type\":\"SearchAction\",\"target\":{\"@type\":\"EntryPoint\",\"urlTemplate\":\"https:\\\/\\\/www.museodelapaz.eus\\\/eu\\\/?s={search_term_string}\"},\"query-input\":{\"@type\":\"PropertyValueSpecification\",\"valueRequired\":true,\"valueName\":\"search_term_string\"}}],\"inLanguage\":\"eu-ES\"},{\"@type\":\"Organization\",\"@id\":\"https:\\\/\\\/www.museodelapaz.eus\\\/eu\\\/#organization\",\"name\":\"Museo de la Paz de Gernika\",\"url\":\"https:\\\/\\\/www.museodelapaz.eus\\\/eu\\\/\",\"logo\":{\"@type\":\"ImageObject\",\"inLanguage\":\"eu-ES\",\"@id\":\"https:\\\/\\\/www.museodelapaz.eus\\\/eu\\\/#\\\/schema\\\/logo\\\/image\\\/\",\"url\":\"https:\\\/\\\/www.museodelapaz.eus\\\/wp-content\\\/uploads\\\/2024\\\/05\\\/logo-museo-de-la-paz-gernika-h-1.svg\",\"contentUrl\":\"https:\\\/\\\/www.museodelapaz.eus\\\/wp-content\\\/uploads\\\/2024\\\/05\\\/logo-museo-de-la-paz-gernika-h-1.svg\",\"caption\":\"Museo de la Paz de Gernika\"},\"image\":{\"@id\":\"https:\\\/\\\/www.museodelapaz.eus\\\/eu\\\/#\\\/schema\\\/logo\\\/image\\\/\"}}]}<\/script>\n<!-- \/ Yoast SEO plugin. -->","yoast_head_json":{"title":"Itsasoratze Artibistaren 1. edizioa. Bilaketa ilbantzen - Museo de la Paz de Gernika","robots":{"index":"index","follow":"follow","max-snippet":"max-snippet:-1","max-image-preview":"max-image-preview:large","max-video-preview":"max-video-preview:-1"},"canonical":"https:\/\/www.museodelapaz.eus\/eu\/ekintza\/itsasoratze-artibistaren-1-edizioa-bilaketa-ilbantzen\/","og_locale":"eu_ES","og_type":"article","og_title":"Itsasoratze Artibistaren 1. edizioa. Bilaketa ilbantzen - Museo de la Paz de Gernika","og_description":"BAKEA JOSIZ: Gatazka, Arpillerak, Memoria aldi baterako erakusketaren irekiera dela antolatutako lan ekitaldia. Este seminario ser\u00e1 abordado desde diferentes disciplinas (psicol\u00f3gica, social, cultural\u2026) y teniendo como centro la exposici\u00f3n de arpilleras y otros textiles que dan testimonio, act\u00faan como resistencia, denuncia, vivencia y documentaci\u00f3n de violaciones a los derechos humanos en situaciones de conflicto.","og_url":"https:\/\/www.museodelapaz.eus\/eu\/ekintza\/itsasoratze-artibistaren-1-edizioa-bilaketa-ilbantzen\/","og_site_name":"Museo de la Paz de Gernika","article_modified_time":"2026-04-24T08:13:27+00:00","og_image":[{"width":1500,"height":1000,"url":"https:\/\/www.museodelapaz.eus\/wp-content\/uploads\/2018\/06\/IMG_9816a.jpg","type":"image\/jpeg"}],"twitter_card":"summary_large_image","schema":{"@context":"https:\/\/schema.org","@graph":[{"@type":"WebPage","@id":"https:\/\/www.museodelapaz.eus\/eu\/ekintza\/itsasoratze-artibistaren-1-edizioa-bilaketa-ilbantzen\/","url":"https:\/\/www.museodelapaz.eus\/eu\/ekintza\/itsasoratze-artibistaren-1-edizioa-bilaketa-ilbantzen\/","name":"Itsasoratze Artibistaren 1. edizioa. Bilaketa ilbantzen - Museo de la Paz de Gernika","isPartOf":{"@id":"https:\/\/www.museodelapaz.eus\/eu\/#website"},"primaryImageOfPage":{"@id":"https:\/\/www.museodelapaz.eus\/eu\/ekintza\/itsasoratze-artibistaren-1-edizioa-bilaketa-ilbantzen\/#primaryimage"},"image":{"@id":"https:\/\/www.museodelapaz.eus\/eu\/ekintza\/itsasoratze-artibistaren-1-edizioa-bilaketa-ilbantzen\/#primaryimage"},"thumbnailUrl":"https:\/\/www.museodelapaz.eus\/wp-content\/uploads\/2018\/06\/IMG_9816a.jpg","datePublished":"2018-06-24T01:58:38+00:00","dateModified":"2026-04-24T08:13:27+00:00","breadcrumb":{"@id":"https:\/\/www.museodelapaz.eus\/eu\/ekintza\/itsasoratze-artibistaren-1-edizioa-bilaketa-ilbantzen\/#breadcrumb"},"inLanguage":"eu-ES","potentialAction":[{"@type":"ReadAction","target":["https:\/\/www.museodelapaz.eus\/eu\/ekintza\/itsasoratze-artibistaren-1-edizioa-bilaketa-ilbantzen\/"]}]},{"@type":"ImageObject","inLanguage":"eu-ES","@id":"https:\/\/www.museodelapaz.eus\/eu\/ekintza\/itsasoratze-artibistaren-1-edizioa-bilaketa-ilbantzen\/#primaryimage","url":"https:\/\/www.museodelapaz.eus\/wp-content\/uploads\/2018\/06\/IMG_9816a.jpg","contentUrl":"https:\/\/www.museodelapaz.eus\/wp-content\/uploads\/2018\/06\/IMG_9816a.jpg","width":1500,"height":1000},{"@type":"BreadcrumbList","@id":"https:\/\/www.museodelapaz.eus\/eu\/ekintza\/itsasoratze-artibistaren-1-edizioa-bilaketa-ilbantzen\/#breadcrumb","itemListElement":[{"@type":"ListItem","position":1,"name":"Portada","item":"https:\/\/www.museodelapaz.eus\/eu\/hasierako-orria\/"},{"@type":"ListItem","position":2,"name":"Itsasoratze Artibistaren 1. edizioa. Bilaketa ilbantzen"}]},{"@type":"WebSite","@id":"https:\/\/www.museodelapaz.eus\/eu\/#website","url":"https:\/\/www.museodelapaz.eus\/eu\/","name":"Museo de la Paz de Gernika","description":"","publisher":{"@id":"https:\/\/www.museodelapaz.eus\/eu\/#organization"},"potentialAction":[{"@type":"SearchAction","target":{"@type":"EntryPoint","urlTemplate":"https:\/\/www.museodelapaz.eus\/eu\/?s={search_term_string}"},"query-input":{"@type":"PropertyValueSpecification","valueRequired":true,"valueName":"search_term_string"}}],"inLanguage":"eu-ES"},{"@type":"Organization","@id":"https:\/\/www.museodelapaz.eus\/eu\/#organization","name":"Museo de la Paz de Gernika","url":"https:\/\/www.museodelapaz.eus\/eu\/","logo":{"@type":"ImageObject","inLanguage":"eu-ES","@id":"https:\/\/www.museodelapaz.eus\/eu\/#\/schema\/logo\/image\/","url":"https:\/\/www.museodelapaz.eus\/wp-content\/uploads\/2024\/05\/logo-museo-de-la-paz-gernika-h-1.svg","contentUrl":"https:\/\/www.museodelapaz.eus\/wp-content\/uploads\/2024\/05\/logo-museo-de-la-paz-gernika-h-1.svg","caption":"Museo de la Paz de Gernika"},"image":{"@id":"https:\/\/www.museodelapaz.eus\/eu\/#\/schema\/logo\/image\/"}}]}},"_links":{"self":[{"href":"https:\/\/www.museodelapaz.eus\/eu\/wp-json\/wp\/v2\/actividad\/27569","targetHints":{"allow":["GET"]}}],"collection":[{"href":"https:\/\/www.museodelapaz.eus\/eu\/wp-json\/wp\/v2\/actividad"}],"about":[{"href":"https:\/\/www.museodelapaz.eus\/eu\/wp-json\/wp\/v2\/types\/actividad"}],"wp:featuredmedia":[{"embeddable":true,"href":"https:\/\/www.museodelapaz.eus\/eu\/wp-json\/wp\/v2\/media\/27544"}],"wp:attachment":[{"href":"https:\/\/www.museodelapaz.eus\/eu\/wp-json\/wp\/v2\/media?parent=27569"}],"wp:term":[{"taxonomy":"categoria-actividad","embeddable":true,"href":"https:\/\/www.museodelapaz.eus\/eu\/wp-json\/wp\/v2\/categoria-actividad?post=27569"},{"taxonomy":"tema","embeddable":true,"href":"https:\/\/www.museodelapaz.eus\/eu\/wp-json\/wp\/v2\/tema?post=27569"},{"taxonomy":"tipo-actividad","embeddable":true,"href":"https:\/\/www.museodelapaz.eus\/eu\/wp-json\/wp\/v2\/tipo-actividad?post=27569"}],"curies":[{"name":"wp","href":"https:\/\/api.w.org\/{rel}","templated":true}]}}

<p>BAKEA JOSIZ: Gatazka, Arpillerak, Memoria aldi baterako erakusketaren irekiera dela antolatutako lan ekitaldia.<br />
Este seminario será abordado desde diferentes disciplinas (psicológica, social, cultural…) y teniendo como centro la exposición de arpilleras y otros textiles que dan testimonio, actúan como resistencia, denuncia, vivencia y documentación de violaciones a los derechos humanos en situaciones de conflicto.</p>

<!-- This site is optimized with the Yoast SEO plugin v27.5 - https://yoast.com/product/yoast-seo-wordpress/ -->
<title>Itsasoratze Artibistaren 1. edizioa. Bilaketa ilbantzen - Museo de la Paz de Gernika</title>
<meta name="robots" content="index, follow, max-snippet:-1, max-image-preview:large, max-video-preview:-1" />
<link rel="canonical" href="https://www.museodelapaz.eus/eu/ekintza/itsasoratze-artibistaren-1-edizioa-bilaketa-ilbantzen/" />
<meta property="og:locale" content="eu_ES" />
<meta property="og:type" content="article" />
<meta property="og:title" content="Itsasoratze Artibistaren 1. edizioa. Bilaketa ilbantzen - Museo de la Paz de Gernika" />
<meta property="og:description" content="BAKEA JOSIZ: Gatazka, Arpillerak, Memoria aldi baterako erakusketaren irekiera dela antolatutako lan ekitaldia. Este seminario será abordado desde diferentes disciplinas (psicológica, social, cultural…) y teniendo como centro la exposición de arpilleras y otros textiles que dan testimonio, actúan como resistencia, denuncia, vivencia y documentación de violaciones a los derechos humanos en situaciones de conflicto." />
<meta property="og:url" content="https://www.museodelapaz.eus/eu/ekintza/itsasoratze-artibistaren-1-edizioa-bilaketa-ilbantzen/" />
<meta property="og:site_name" content="Museo de la Paz de Gernika" />
<meta property="article:modified_time" content="2026-04-24T08:13:27+00:00" />
<meta property="og:image" content="https://www.museodelapaz.eus/wp-content/uploads/2018/06/IMG_9816a.jpg" />
	<meta property="og:image:width" content="1500" />
	<meta property="og:image:height" content="1000" />
	<meta property="og:image:type" content="image/jpeg" />
<meta name="twitter:card" content="summary_large_image" />
<script type="application/ld+json" class="yoast-schema-graph">{"@context":"https:\/\/schema.org","@graph":[{"@type":"WebPage","@id":"https:\/\/www.museodelapaz.eus\/eu\/ekintza\/itsasoratze-artibistaren-1-edizioa-bilaketa-ilbantzen\/","url":"https:\/\/www.museodelapaz.eus\/eu\/ekintza\/itsasoratze-artibistaren-1-edizioa-bilaketa-ilbantzen\/","name":"Itsasoratze Artibistaren 1. edizioa. Bilaketa ilbantzen - Museo de la Paz de Gernika","isPartOf":{"@id":"https:\/\/www.museodelapaz.eus\/eu\/#website"},"primaryImageOfPage":{"@id":"https:\/\/www.museodelapaz.eus\/eu\/ekintza\/itsasoratze-artibistaren-1-edizioa-bilaketa-ilbantzen\/#primaryimage"},"image":{"@id":"https:\/\/www.museodelapaz.eus\/eu\/ekintza\/itsasoratze-artibistaren-1-edizioa-bilaketa-ilbantzen\/#primaryimage"},"thumbnailUrl":"https:\/\/www.museodelapaz.eus\/wp-content\/uploads\/2018\/06\/IMG_9816a.jpg","datePublished":"2018-06-24T01:58:38+00:00","dateModified":"2026-04-24T08:13:27+00:00","breadcrumb":{"@id":"https:\/\/www.museodelapaz.eus\/eu\/ekintza\/itsasoratze-artibistaren-1-edizioa-bilaketa-ilbantzen\/#breadcrumb"},"inLanguage":"eu-ES","potentialAction":[{"@type":"ReadAction","target":["https:\/\/www.museodelapaz.eus\/eu\/ekintza\/itsasoratze-artibistaren-1-edizioa-bilaketa-ilbantzen\/"]}]},{"@type":"ImageObject","inLanguage":"eu-ES","@id":"https:\/\/www.museodelapaz.eus\/eu\/ekintza\/itsasoratze-artibistaren-1-edizioa-bilaketa-ilbantzen\/#primaryimage","url":"https:\/\/www.museodelapaz.eus\/wp-content\/uploads\/2018\/06\/IMG_9816a.jpg","contentUrl":"https:\/\/www.museodelapaz.eus\/wp-content\/uploads\/2018\/06\/IMG_9816a.jpg","width":1500,"height":1000},{"@type":"BreadcrumbList","@id":"https:\/\/www.museodelapaz.eus\/eu\/ekintza\/itsasoratze-artibistaren-1-edizioa-bilaketa-ilbantzen\/#breadcrumb","itemListElement":[{"@type":"ListItem","position":1,"name":"Portada","item":"https:\/\/www.museodelapaz.eus\/eu\/hasierako-orria\/"},{"@type":"ListItem","position":2,"name":"Itsasoratze Artibistaren 1. edizioa. Bilaketa ilbantzen"}]},{"@type":"WebSite","@id":"https:\/\/www.museodelapaz.eus\/eu\/#website","url":"https:\/\/www.museodelapaz.eus\/eu\/","name":"Museo de la Paz de Gernika","description":"","publisher":{"@id":"https:\/\/www.museodelapaz.eus\/eu\/#organization"},"potentialAction":[{"@type":"SearchAction","target":{"@type":"EntryPoint","urlTemplate":"https:\/\/www.museodelapaz.eus\/eu\/?s={search_term_string}"},"query-input":{"@type":"PropertyValueSpecification","valueRequired":true,"valueName":"search_term_string"}}],"inLanguage":"eu-ES"},{"@type":"Organization","@id":"https:\/\/www.museodelapaz.eus\/eu\/#organization","name":"Museo de la Paz de Gernika","url":"https:\/\/www.museodelapaz.eus\/eu\/","logo":{"@type":"ImageObject","inLanguage":"eu-ES","@id":"https:\/\/www.museodelapaz.eus\/eu\/#\/schema\/logo\/image\/","url":"https:\/\/www.museodelapaz.eus\/wp-content\/uploads\/2024\/05\/logo-museo-de-la-paz-gernika-h-1.svg","contentUrl":"https:\/\/www.museodelapaz.eus\/wp-content\/uploads\/2024\/05\/logo-museo-de-la-paz-gernika-h-1.svg","caption":"Museo de la Paz de Gernika"},"image":{"@id":"https:\/\/www.museodelapaz.eus\/eu\/#\/schema\/logo\/image\/"}}]}</script>
<!-- / Yoast SEO plugin. -->

BAKEA JOSIZ: Gatazka, Arpillerak, Memoria aldi baterako erakusketaren irekiera dela antolatutako lan ekitaldia. Este seminario será abordado desde diferentes disciplinas (psicológica, social, cultural…) y teniendo como centro la exposición de arpilleras y otros textiles que dan testimonio, actúan como resistencia, denuncia, vivencia y documentación de violaciones a los derechos humanos en situaciones de conflicto.
